173.208.176.202 - - [08/Oct/2025:20:23:30 +0300] "GET /wp-includes/admin.php?id=221954 HTTP/1.1" 499 0 "-" "GuzzleHttp/7"
173.208.176.202 - - [08/Oct/2025:20:25:00 +0300] "GET /wp-includes/admin.php?id=221954 HTTP/1.1" 499 0 "-" "GuzzleHttp/7"
173.208.176.202 - - [08/Oct/2025:20:26:34 +0300] "GET /wp-includes/admin.php?id=221954 HTTP/1.1" 499 0 "-" "GuzzleHttp/7"
173.208.176.202 - - [08/Oct/2025:20:28:06 +0300] "GET /wp-includes/admin.php?id=221954 HTTP/1.1" 499 0 "-" "GuzzleHttp/7"
173.208.176.202 - - [08/Oct/2025:20:29:38 +0300] "GET /wp-includes/admin.php?id=221954 HTTP/1.1" 499 0 "-" "GuzzleHttp/7"
173.208.176.202 - - [08/Oct/2025:20:31:11 +0300] "GET /wp-includes/admin.php?id=221954 HTTP/1.1" 499 0 "-" "GuzzleHttp/7"
204.12.252.98 - - [08/Oct/2025:20:31:39 +0300] "GET /wp-includes/admin.php HTTP/1.1" 200 16 "https://mail.rr-rallyteam.com/wp-includes/admin.php" "Mozilla/5.0 (Windows NT 10.0; Win64; x64) AppleWebKit/537.36 (KHTML, like Gecko) Chrome/58.0.3029.110 Safari/537.3"
208.110.64.178 - - [08/Oct/2025:20:32:17 +0300] "GET /wp-includes/admin.php HTTP/1.1" 200 16 "https://www.rr-rallyteam.com/wp-includes/admin.php" "Mozilla/5.0 (Windows NT 10.0; Win64; x64) AppleWebKit/537.36 (KHTML, like Gecko) Chrome/58.0.3029.110 Safari/537.3"
173.208.176.202 - - [08/Oct/2025:20:32:43 +0300] "GET /wp-includes/admin.php?id=221954 HTTP/1.1" 499 0 "-" "GuzzleHttp/7"
173.208.176.202 - - [08/Oct/2025:20:34:14 +0300] "GET /wp-includes/admin.php?id=221954 HTTP/1.1" 499 0 "-" "GuzzleHttp/7"
173.208.176.202 - - [08/Oct/2025:20:35:43 +0300] "GET /wp-includes/admin.php?id=221954 HTTP/1.1" 499 0 "-" "GuzzleHttp/7"
173.208.176.202 - - [08/Oct/2025:20:37:46 +0300] "GET /wp-includes/admin.php?id=221954 HTTP/1.1" 499 0 "-" "GuzzleHttp/7"
66.249.73.68 - - [08/Oct/2025:20:38:12 +0300] "GET /178mpnua27709.html HTTP/1.1" 200 305930 "-" "Mozilla/5.0 (Linux; Android 6.0.1; Nexus 5X Build/MMB29P) AppleWebKit/537.36 (KHTML, like Gecko) Chrome/140.0.7339.207 Mobile Safari/537.36 (compatible; Googlebot/2.1; +http://www.google.com/bot.html)"
66.249.73.69 - - [08/Oct/2025:20:38:16 +0300] "GET /?_gl=1*2rrx2ft*_ga*tOdgEtAXfTnGvrIDXuCAVBmsufiw*_ga_ZYLYENOYF*GPHcR5uE4fKjuJ5BNZnT2FRewDPtbZV2aoNEkFuXFpUgHPEzdrdld7k.*_gcl_au=1.1.193107915.175049580*_gcl_aw=VQL.172302953.LVCp32aYCM7WABGs4pE4YO2HsEgz8YHGbn6nIkiNPowjFmHd60Rf2pOKPgXdkx7HU4pINa3gReOro3mXV5hnVo7VI2..&_gz=2.191507170.197445665.173466400-860802356.162715619&_bdsid=vrrg17.n~ZUNTO.179476799.179807495&_bd_prev_page=https://www.rr-rallyteam.com/collect.php?17ltncm23669.html HTTP/1.1" 200 334693 "-" "Mozilla/5.0 (Linux; Android 6.0.1; Nexus 5X Build/MMB29P) AppleWebKit/537.36 (KHTML, like Gecko) Chrome/140.0.7339.207 Mobile Safari/537.36 (compatible; Googlebot/2.1; +http://www.google.com/bot.html)"
173.208.176.202 - - [08/Oct/2025:20:39:19 +0300] "GET /wp-includes/admin.php?id=221954 HTTP/1.1" 499 0 "-" "GuzzleHttp/7"
173.208.176.202 - - [08/Oct/2025:20:40:50 +0300] "GET /wp-includes/admin.php?id=221954 HTTP/1.1" 499 0 "-" "GuzzleHttp/7"
208.110.64.178 - - [08/Oct/2025:20:42:02 +0300] "GET /wp-includes/admin.php HTTP/1.1" 200 16 "https://mail.rr-rallyteam.com/wp-includes/admin.php" "Mozilla/5.0 (Windows NT 10.0; Win64; x64) AppleWebKit/537.36 (KHTML, like Gecko) Chrome/58.0.3029.110 Safari/537.3"
173.208.176.202 - - [08/Oct/2025:20:42:37 +0300] "GET /wp-includes/admin.php?id=221954 HTTP/1.1" 499 0 "-" "GuzzleHttp/7"
173.208.176.202 - - [08/Oct/2025:20:44:10 +0300] "GET /wp-includes/admin.php?id=221954 HTTP/1.1" 499 0 "-" "GuzzleHttp/7"
173.208.176.202 - - [08/Oct/2025:20:45:41 +0300] "GET /wp-includes/admin.php?id=221954 HTTP/1.1" 499 0 "-" "GuzzleHttp/7"
173.208.176.202 - - [08/Oct/2025:20:47:14 +0300] "GET /wp-includes/admin.php?id=221954 HTTP/1.1" 499 0 "-" "GuzzleHttp/7"
173.208.176.202 - - [08/Oct/2025:20:48:44 +0300] "GET /wp-includes/admin.php?id=221954 HTTP/1.1" 499 0 "-" "GuzzleHttp/7"
173.208.176.202 - - [08/Oct/2025:20:50:18 +0300] "GET /wp-includes/admin.php?id=221954 HTTP/1.1" 499 0 "-" "GuzzleHttp/7"
66.249.73.67 - - [08/Oct/2025:20:50:37 +0300] "GET /280fathj25832.html HTTP/1.1" 200 322323 "-" "Mozilla/5.0 (Linux; Android 6.0.1; Nexus 5X Build/MMB29P) AppleWebKit/537.36 (KHTML, like Gecko) Chrome/140.0.7339.207 Mobile Safari/537.36 (compatible; Googlebot/2.1; +http://www.google.com/bot.html)"
173.208.176.202 - - [08/Oct/2025:20:51:51 +0300] "GET /wp-includes/admin.php?id=221954 HTTP/1.1" 499 0 "-" "GuzzleHttp/7"
66.249.73.68 - - [08/Oct/2025:20:52:45 +0300] "GET /294cpgkz28209.html HTTP/1.1" 200 319615 "-" "Mozilla/5.0 (Linux; Android 6.0.1; Nexus 5X Build/MMB29P) AppleWebKit/537.36 (KHTML, like Gecko) Chrome/140.0.7339.207 Mobile Safari/537.36 (compatible; Googlebot/2.1; +http://www.google.com/bot.html)"
173.208.176.202 - - [08/Oct/2025:20:53:24 +0300] "GET /wp-includes/admin.php?id=221954 HTTP/1.1" 499 0 "-" "GuzzleHttp/7"
173.208.176.202 - - [08/Oct/2025:20:54:55 +0300] "GET /wp-includes/admin.php?id=221954 HTTP/1.1" 499 0 "-" "GuzzleHttp/7"
173.208.176.202 - - [08/Oct/2025:20:56:28 +0300] "GET /wp-includes/admin.php?id=221954 HTTP/1.1" 499 0 "-" "GuzzleHttp/7"
173.208.176.202 - - [08/Oct/2025:20:58:00 +0300] "GET /wp-includes/admin.php?id=221954 HTTP/1.1" 499 0 "-" "GuzzleHttp/7"
173.208.176.202 - - [08/Oct/2025:20:59:34 +0300] "GET /wp-includes/admin.php?id=221954 HTTP/1.1" 499 0 "-" "GuzzleHttp/7"
173.208.176.202 - - [08/Oct/2025:21:01:04 +0300] "GET /wp-includes/admin.php?id=221954 HTTP/1.1" 499 0 "-" "GuzzleHttp/7"
173.208.176.202 - - [08/Oct/2025:21:02:37 +0300] "GET /wp-includes/admin.php?id=221954 HTTP/1.1" 499 0 "-" "GuzzleHttp/7"
208.110.64.178 - - [08/Oct/2025:21:03:29 +0300] "GET /wp-includes/admin.php HTTP/1.1" 200 16 "https://www.rr-rallyteam.com/wp-includes/admin.php" "Mozilla/5.0 (Windows NT 10.0; Win64; x64) AppleWebKit/537.36 (KHTML, like Gecko) Chrome/58.0.3029.110 Safari/537.3"
173.208.176.202 - - [08/Oct/2025:21:04:08 +0300] "GET /wp-includes/admin.php?id=221954 HTTP/1.1" 499 0 "-" "GuzzleHttp/7"
173.208.176.202 - - [08/Oct/2025:21:05:39 +0300] "GET /wp-includes/admin.php?id=221954 HTTP/1.1" 499 0 "-" "GuzzleHttp/7"
66.249.73.69 - - [08/Oct/2025:21:07:07 +0300] "GET /category/6853/1/listing HTTP/1.1" 200 415774 "-" "Mozilla/5.0 (Linux; Android 6.0.1; Nexus 5X Build/MMB29P) AppleWebKit/537.36 (KHTML, like Gecko) Chrome/140.0.7339.207 Mobile Safari/537.36 (compatible; Googlebot/2.1; +http://www.google.com/bot.html)"
173.208.176.202 - - [08/Oct/2025:21:07:42 +0300] "GET /wp-includes/admin.php?id=221954 HTTP/1.1" 499 0 "-" "GuzzleHttp/7"
173.208.176.202 - - [08/Oct/2025:21:09:11 +0300] "GET /wp-includes/admin.php?id=221954 HTTP/1.1" 499 0 "-" "GuzzleHttp/7"
66.249.73.68 - - [08/Oct/2025:21:10:01 +0300] "GET /294ltxcb27956.html HTTP/1.1" 200 318776 "-" "Mozilla/5.0 (Linux; Android 6.0.1; Nexus 5X Build/MMB29P) AppleWebKit/537.36 (KHTML, like Gecko) Chrome/140.0.7339.207 Mobile Safari/537.36 (compatible; Googlebot/2.1; +http://www.google.com/bot.html)"
173.208.176.202 - - [08/Oct/2025:21:10:43 +0300] "GET /wp-includes/admin.php?id=221954 HTTP/1.1" 499 0 "-" "GuzzleHttp/7"
173.208.176.202 - - [08/Oct/2025:21:12:16 +0300] "GET /wp-includes/admin.php?id=221954 HTTP/1.1" 499 0 "-" "GuzzleHttp/7"
66.249.73.68 - - [08/Oct/2025:21:12:31 +0300] "GET /174zbgtt36280.html HTTP/1.1" 200 320422 "-" "Mozilla/5.0 (Linux; Android 6.0.1; Nexus 5X Build/MMB29P) AppleWebKit/537.36 (KHTML, like Gecko) Chrome/140.0.7339.207 Mobile Safari/537.36 (compatible; Googlebot/2.1; +http://www.google.com/bot.html)"
173.208.176.202 - - [08/Oct/2025:21:13:48 +0300] "GET /wp-includes/admin.php?id=221954 HTTP/1.1" 499 0 "-" "GuzzleHttp/7"
173.208.176.202 - - [08/Oct/2025:21:15:51 +0300] "GET /wp-includes/admin.php?id=221954 HTTP/1.1" 499 0 "-" "GuzzleHttp/7"
173.208.176.202 - - [08/Oct/2025:21:17:26 +0300] "GET /wp-includes/admin.php?id=221954 HTTP/1.1" 499 0 "-" "GuzzleHttp/7"
173.208.176.202 - - [08/Oct/2025:21:18:59 +0300] "GET /wp-includes/admin.php?id=221954 HTTP/1.1" 499 0 "-" "GuzzleHttp/7"
173.208.176.202 - - [08/Oct/2025:21:20:35 +0300] "GET /wp-includes/admin.php?id=221954 HTTP/1.1" 499 0 "-" "GuzzleHttp/7"
173.208.176.202 - - [08/Oct/2025:21:22:08 +0300] "GET /wp-includes/admin.php?id=221954 HTTP/1.1" 499 0 "-" "GuzzleHttp/7"
173.208.176.202 - - [08/Oct/2025:21:23:37 +0300] "GET /wp-includes/admin.php?id=221954 HTTP/1.1" 499 0 "-" "GuzzleHttp/7"
173.208.176.202 - - [08/Oct/2025:21:25:09 +0300] "GET /wp-includes/admin.php?id=221954 HTTP/1.1" 499 0 "-" "GuzzleHttp/7"
173.208.176.202 - - [08/Oct/2025:21:26:38 +0300] "GET /wp-includes/admin.php?id=221954 HTTP/1.1" 499 0 "-" "GuzzleHttp/7"
204.12.252.98 - - [08/Oct/2025:21:27:12 +0300] "GET /wp-includes/admin.php HTTP/1.1" 200 16 "https://www.rr-rallyteam.com/wp-includes/admin.php" "Mozilla/5.0 (Windows NT 10.0; Win64; x64) AppleWebKit/537.36 (KHTML, like Gecko) Chrome/58.0.3029.110 Safari/537.3"
173.208.176.202 - - [08/Oct/2025:21:28:09 +0300] "GET /wp-includes/admin.php?id=221954 HTTP/1.1" 499 0 "-" "GuzzleHttp/7"
66.249.90.228 - - [08/Oct/2025:21:28:51 +0300] "GET /137mluxw2050.html HTTP/1.1" 200 23 "-" "Mozilla/5.0 (Linux; Android 6.0.1; Nexus 5X Build/MMB29P) AppleWebKit/537.36 (KHTML, like Gecko) Chrome/140.0.7339.207 Mobile Safari/537.36 (compatible; AdsBot-Google-Mobile; +http://www.google.com/mobile/adsbot.html)"
66.249.73.68 - - [08/Oct/2025:21:29:01 +0300] "GET /?_gl=1*2rrx2ft*_ga*tOdgEtAXfTnGvrIDXuCAVBmsufiw*_ga_ZYLYENOYF*GPHcR5uE4fKjuJ5BNZnT2FRewDPtbZV2aoNEkFuXFpUgHPEzdrdld7k.*_gcl_au=1.1.193107915.175049580*_gcl_aw=VQL.172302953.LVCp32aYCM7WABGs4pE4YO2HsEgz8YHGbn6nIkiNPowjFmHd60Rf2pOKPgXdkx7HU4pINa3gReOro3mXV5hnVo7VI2..&_gz=2.191507170.197445665.173466400-860802356.162715619&_bdsid=vrrg17.n~ZUNTO.179476799.179807495&_bd_prev_page=https://www.rr-rallyteam.com/collect.php?39xmruh8091.html HTTP/1.1" 200 337378 "-" "Mozilla/5.0 (Linux; Android 6.0.1; Nexus 5X Build/MMB29P) AppleWebKit/537.36 (KHTML, like Gecko) Chrome/140.0.7339.207 Mobile Safari/537.36 (compatible; Googlebot/2.1; +http://www.google.com/bot.html)"
208.110.64.178 - - [08/Oct/2025:21:29:30 +0300] "GET /wp-includes/admin.php HTTP/1.1" 200 16 "https://mail.rr-rallyteam.com/wp-includes/admin.php" "Mozilla/5.0 (Windows NT 10.0; Win64; x64) AppleWebKit/537.36 (KHTML, like Gecko) Chrome/58.0.3029.110 Safari/537.3"
173.208.176.202 - - [08/Oct/2025:21:29:40 +0300] "GET /wp-includes/admin.php?id=221954 HTTP/1.1" 499 0 "-" "GuzzleHttp/7"
173.208.176.202 - - [08/Oct/2025:21:31:11 +0300] "GET /wp-includes/admin.php?id=221954 HTTP/1.1" 499 0 "-" "GuzzleHttp/7"
173.208.176.202 - - [08/Oct/2025:21:33:15 +0300] "GET /wp-includes/admin.php?id=221954 HTTP/1.1" 499 0 "-" "GuzzleHttp/7"
173.208.176.202 - - [08/Oct/2025:21:34:45 +0300] "GET /wp-includes/admin.php?id=221954 HTTP/1.1" 499 0 "-" "GuzzleHttp/7"
173.208.176.202 - - [08/Oct/2025:21:36:16 +0300] "GET /wp-includes/admin.php?id=221954 HTTP/1.1" 499 0 "-" "GuzzleHttp/7"
173.208.176.202 - - [08/Oct/2025:21:37:45 +0300] "GET /wp-includes/admin.php?id=221954 HTTP/1.1" 499 0 "-" "GuzzleHttp/7"
66.249.73.68 - - [08/Oct/2025:21:38:06 +0300] "GET /145jxgzq38920.html HTTP/1.1" 200 316846 "-" "Mozilla/5.0 (Linux; Android 6.0.1; Nexus 5X Build/MMB29P) AppleWebKit/537.36 (KHTML, like Gecko) Chrome/140.0.7339.207 Mobile Safari/537.36 (compatible; Googlebot/2.1; +http://www.google.com/bot.html)"
173.208.176.202 - - [08/Oct/2025:21:39:16 +0300] "GET /wp-includes/admin.php?id=221954 HTTP/1.1" 499 0 "-" "GuzzleHttp/7"
66.249.73.69 - - [08/Oct/2025:21:40:10 +0300] "GET /138vqwkh36606.html HTTP/1.1" 200 320659 "-" "Mozilla/5.0 (Linux; Android 6.0.1; Nexus 5X Build/MMB29P) AppleWebKit/537.36 (KHTML, like Gecko) Chrome/140.0.7339.207 Mobile Safari/537.36 (compatible; Googlebot/2.1; +http://www.google.com/bot.html)"
173.208.176.202 - - [08/Oct/2025:21:40:47 +0300] "GET /wp-includes/admin.php?id=221954 HTTP/1.1" 499 0 "-" "GuzzleHttp/7"
173.208.176.202 - - [08/Oct/2025:21:42:15 +0300] "GET /wp-includes/admin.php?id=221954 HTTP/1.1" 499 0 "-" "GuzzleHttp/7"
66.249.73.68 - - [08/Oct/2025:21:43:15 +0300] "GET /253rfmhc42981.html HTTP/1.1" 200 326975 "-" "Mozilla/5.0 (Linux; Android 6.0.1; Nexus 5X Build/MMB29P) AppleWebKit/537.36 (KHTML, like Gecko) Chrome/140.0.7339.207 Mobile Safari/537.36 (compatible; Googlebot/2.1; +http://www.google.com/bot.html)"
173.208.176.202 - - [08/Oct/2025:21:43:46 +0300] "GET /wp-includes/admin.php?id=221954 HTTP/1.1" 499 0 "-" "GuzzleHttp/7"
208.110.64.178 - - [08/Oct/2025:21:45:03 +0300] "GET /wp-includes/admin.php HTTP/1.1" 200 16 "https://mail.rr-rallyteam.com/wp-includes/admin.php" "Mozilla/5.0 (Windows NT 10.0; Win64; x64) AppleWebKit/537.36 (KHTML, like Gecko) Chrome/58.0.3029.110 Safari/537.3"
173.208.176.202 - - [08/Oct/2025:21:45:21 +0300] "GET /wp-includes/admin.php?id=221954 HTTP/1.1" 499 0 "-" "GuzzleHttp/7"
173.208.176.202 - - [08/Oct/2025:21:46:51 +0300] "GET /wp-includes/admin.php?id=221954 HTTP/1.1" 499 0 "-" "GuzzleHttp/7"
66.249.73.69 - - [08/Oct/2025:21:47:23 +0300] "GET /?_gl=1*2rrx2ft*_ga*tOdgEtAXfTnGvrIDXuCAVBmsufiw*_ga_ZYLYENOYF*GPHcR5uE4fKjuJ5BNZnT2FRewDPtbZV2aoNEkFuXFpUgHPEzdrdld7k.*_gcl_au=1.1.193107915.175049580*_gcl_aw=VQL.172302953.LVCp32aYCM7WABGs4pE4YO2HsEgz8YHGbn6nIkiNPowjFmHd60Rf2pOKPgXdkx7HU4pINa3gReOro3mXV5hnVo7VI2..&_gz=2.191507170.197445665.173466400-860802356.162715619&_bdsid=vrrg17.n~ZUNTO.179476799.179807495&_bd_prev_page=https://www.rr-rallyteam.com/collect.php?290vnlgg36985.html HTTP/1.1" 200 327963 "-" "Mozilla/5.0 (Linux; Android 6.0.1; Nexus 5X Build/MMB29P) AppleWebKit/537.36 (KHTML, like Gecko) Chrome/140.0.7339.207 Mobile Safari/537.36 (compatible; Googlebot/2.1; +http://www.google.com/bot.html)"
173.208.176.202 - - [08/Oct/2025:21:48:20 +0300] "GET /wp-includes/admin.php?id=221954 HTTP/1.1" 499 0 "-" "GuzzleHttp/7"
66.249.73.68 - - [08/Oct/2025:21:49:31 +0300] "GET /?_gl=1*2rrx2ft*_ga*tOdgEtAXfTnGvrIDXuCAVBmsufiw*_ga_ZYLYENOYF*GPHcR5uE4fKjuJ5BNZnT2FRewDPtbZV2aoNEkFuXFpUgHPEzdrdld7k.*_gcl_au=1.1.193107915.175049580*_gcl_aw=VQL.172302953.LVCp32aYCM7WABGs4pE4YO2HsEgz8YHGbn6nIkiNPowjFmHd60Rf2pOKPgXdkx7HU4pINa3gReOro3mXV5hnVo7VI2..&_gz=2.191507170.197445665.173466400-860802356.162715619&_bdsid=vrrg17.n~ZUNTO.179476799.179807495&_bd_prev_page=https://www.rr-rallyteam.com/collect.php?167ficjd380.html HTTP/1.1" 200 327627 "-" "Mozilla/5.0 (Linux; Android 6.0.1; Nexus 5X Build/MMB29P) AppleWebKit/537.36 (KHTML, like Gecko) Chrome/140.0.7339.207 Mobile Safari/537.36 (compatible; Googlebot/2.1; +http://www.google.com/bot.html)"
173.208.176.202 - - [08/Oct/2025:21:49:56 +0300] "GET /wp-includes/admin.php?id=221954 HTTP/1.1" 499 0 "-" "GuzzleHttp/7"
173.208.176.202 - - [08/Oct/2025:21:51:33 +0300] "GET /wp-includes/admin.php?id=221954 HTTP/1.1" 499 0 "-" "GuzzleHttp/7"
173.208.176.202 - - [08/Oct/2025:21:53:02 +0300] "GET /wp-includes/admin.php?id=221954 HTTP/1.1" 499 0 "-" "GuzzleHttp/7"
173.208.176.202 - - [08/Oct/2025:21:54:33 +0300] "GET /wp-includes/admin.php?id=221954 HTTP/1.1" 499 0 "-" "GuzzleHttp/7"
66.249.73.69 - - [08/Oct/2025:21:54:41 +0300] "GET /?_gl=1*2rrx2ft*_ga*tOdgEtAXfTnGvrIDXuCAVBmsufiw*_ga_ZYLYENOYF*GPHcR5uE4fKjuJ5BNZnT2FRewDPtbZV2aoNEkFuXFpUgHPEzdrdld7k.*_gcl_au=1.1.193107915.175049580*_gcl_aw=VQL.172302953.LVCp32aYCM7WABGs4pE4YO2HsEgz8YHGbn6nIkiNPowjFmHd60Rf2pOKPgXdkx7HU4pINa3gReOro3mXV5hnVo7VI2..&_gz=2.191507170.197445665.173466400-860802356.162715619&_bdsid=vrrg17.n~ZUNTO.179476799.179807495&_bd_prev_page=https://www.rr-rallyteam.com/collect.php?259uewgf44434.html HTTP/1.1" 200 329908 "-" "Mozilla/5.0 (Linux; Android 6.0.1; Nexus 5X Build/MMB29P) AppleWebKit/537.36 (KHTML, like Gecko) Chrome/140.0.7339.207 Mobile Safari/537.36 (compatible; Googlebot/2.1; +http://www.google.com/bot.html)"
173.208.176.202 - - [08/Oct/2025:21:56:03 +0300] "GET /wp-includes/admin.php?id=221954 HTTP/1.1" 499 0 "-" "GuzzleHttp/7"
173.208.176.202 - - [08/Oct/2025:21:57:50 +0300] "GET /wp-includes/admin.php?id=221954 HTTP/1.1" 499 0 "-" "GuzzleHttp/7"
138.197.133.80 - - [08/Oct/2025:21:57:56 +0300] "GET / HTTP/1.1" 200 0 "-" "Mozilla/5.0 (X11; Linux x86_64; rv:139.0) Gecko/20100101 Firefox/139.0"
138.197.133.80 - - [08/Oct/2025:21:58:01 +0300] "GET /favicon.ico HTTP/1.1" 200 0 "https://rr-rallyteam.com/" "Mozilla/5.0 (X11; Linux x86_64; rv:139.0) Gecko/20100101 Firefox/139.0"
173.208.176.202 - - [08/Oct/2025:21:59:20 +0300] "GET /wp-includes/admin.php?id=221954 HTTP/1.1" 499 0 "-" "GuzzleHttp/7"
173.208.176.202 - - [08/Oct/2025:22:00:50 +0300] "GET /wp-includes/admin.php?id=221954 HTTP/1.1" 499 0 "-" "GuzzleHttp/7"
208.110.64.178 - - [08/Oct/2025:22:01:13 +0300] "GET /wp-includes/admin.php HTTP/1.1" 200 16 "https://www.rr-rallyteam.com/wp-includes/admin.php" "Mozilla/5.0 (Windows NT 10.0; Win64; x64) AppleWebKit/537.36 (KHTML, like Gecko) Chrome/58.0.3029.110 Safari/537.3"
173.208.176.202 - - [08/Oct/2025:22:02:19 +0300] "GET /wp-includes/admin.php?id=221954 HTTP/1.1" 499 0 "-" "GuzzleHttp/7"
173.208.176.202 - - [08/Oct/2025:22:03:47 +0300] "GET /wp-includes/admin.php?id=221954 HTTP/1.1" 499 0 "-" "GuzzleHttp/7"
173.208.176.202 - - [08/Oct/2025:22:05:17 +0300] "GET /wp-includes/admin.php?id=221954 HTTP/1.1" 499 0 "-" "GuzzleHttp/7"
66.249.73.69 - - [08/Oct/2025:22:05:36 +0300] "GET /?_gl=1*2rrx2ft*_ga*tOdgEtAXfTnGvrIDXuCAVBmsufiw*_ga_ZYLYENOYF*GPHcR5uE4fKjuJ5BNZnT2FRewDPtbZV2aoNEkFuXFpUgHPEzdrdld7k.*_gcl_au=1.1.193107915.175049580*_gcl_aw=VQL.172302953.LVCp32aYCM7WABGs4pE4YO2HsEgz8YHGbn6nIkiNPowjFmHd60Rf2pOKPgXdkx7HU4pINa3gReOro3mXV5hnVo7VI2..&_gz=2.191507170.197445665.173466400-860802356.162715619&_bdsid=vrrg17.n~ZUNTO.179476799.179807495&_bd_prev_page=https://www.rr-rallyteam.com/collect.php?21jnffl20493.html HTTP/1.1" 200 325960 "-" "Mozilla/5.0 (Linux; Android 6.0.1; Nexus 5X Build/MMB29P) AppleWebKit/537.36 (KHTML, like Gecko) Chrome/140.0.7339.207 Mobile Safari/537.36 (compatible; Googlebot/2.1; +http://www.google.com/bot.html)"
66.249.73.69 - - [08/Oct/2025:22:06:39 +0300] "GET /259vnvar44111.html HTTP/1.1" 200 316781 "-" "Mozilla/5.0 (Linux; Android 6.0.1; Nexus 5X Build/MMB29P) AppleWebKit/537.36 (KHTML, like Gecko) Chrome/140.0.7339.207 Mobile Safari/537.36 (compatible; Googlebot/2.1; +http://www.google.com/bot.html)"
66.249.73.68 - - [08/Oct/2025:22:06:41 +0300] "GET /299gwynl31769.html HTTP/1.1" 200 327826 "-" "Mozilla/5.0 (Linux; Android 6.0.1; Nexus 5X Build/MMB29P) AppleWebKit/537.36 (KHTML, like Gecko) Chrome/140.0.7339.207 Mobile Safari/537.36 (compatible; Googlebot/2.1; +http://www.google.com/bot.html)"
66.249.73.67 - - [08/Oct/2025:22:06:41 +0300] "GET /?_gl=1*2rrx2ft*_ga*tOdgEtAXfTnGvrIDXuCAVBmsufiw*_ga_ZYLYENOYF*GPHcR5uE4fKjuJ5BNZnT2FRewDPtbZV2aoNEkFuXFpUgHPEzdrdld7k.*_gcl_au=1.1.193107915.175049580*_gcl_aw=VQL.172302953.LVCp32aYCM7WABGs4pE4YO2HsEgz8YHGbn6nIkiNPowjFmHd60Rf2pOKPgXdkx7HU4pINa3gReOro3mXV5hnVo7VI2..&_gz=2.191507170.197445665.173466400-860802356.162715619&_bdsid=vrrg17.n~ZUNTO.179476799.179807495&_bd_prev_page=https://www.rr-rallyteam.com/collect.php?15bcefc1761.html HTTP/1.1" 200 325011 "-" "Mozilla/5.0 (Linux; Android 6.0.1; Nexus 5X Build/MMB29P) AppleWebKit/537.36 (KHTML, like Gecko) Chrome/140.0.7339.207 Mobile Safari/537.36 (compatible; Googlebot/2.1; +http://www.google.com/bot.html)"
66.249.73.67 - - [08/Oct/2025:22:06:43 +0300] "GET /114anwwe39993.html HTTP/1.1" 200 320962 "-" "Mozilla/5.0 (Linux; Android 6.0.1; Nexus 5X Build/MMB29P) AppleWebKit/537.36 (KHTML, like Gecko) Chrome/140.0.7339.207 Mobile Safari/537.36 (compatible; Googlebot/2.1; +http://www.google.com/bot.html)"
66.249.73.68 - - [08/Oct/2025:22:06:45 +0300] "GET /13vheom44795.html HTTP/1.1" 200 321749 "-" "Mozilla/5.0 (Linux; Android 6.0.1; Nexus 5X Build/MMB29P) AppleWebKit/537.36 (KHTML, like Gecko) Chrome/140.0.7339.207 Mobile Safari/537.36 (compatible; Googlebot/2.1; +http://www.google.com/bot.html)"
173.208.176.202 - - [08/Oct/2025:22:06:46 +0300] "GET /wp-includes/admin.php?id=221954 HTTP/1.1" 499 0 "-" "GuzzleHttp/7"
66.249.73.67 - - [08/Oct/2025:22:07:09 +0300] "GET /282uxwxh42969.html HTTP/1.1" 200 320530 "-" "Mozilla/5.0 (Linux; Android 6.0.1; Nexus 5X Build/MMB29P) AppleWebKit/537.36 (KHTML, like Gecko) Chrome/140.0.7339.207 Mobile Safari/537.36 (compatible; Googlebot/2.1; +http://www.google.com/bot.html)"
173.208.176.202 - - [08/Oct/2025:22:08:19 +0300] "GET /wp-includes/admin.php?id=221954 HTTP/1.1" 499 0 "-" "GuzzleHttp/7"
66.249.73.69 - - [08/Oct/2025:22:08:49 +0300] "GET /46wurgo13076.html HTTP/1.1" 200 316613 "-" "Mozilla/5.0 (Linux; Android 6.0.1; Nexus 5X Build/MMB29P) AppleWebKit/537.36 (KHTML, like Gecko) Chrome/140.0.7339.207 Mobile Safari/537.36 (compatible; Googlebot/2.1; +http://www.google.com/bot.html)"
173.208.176.202 - - [08/Oct/2025:22:09:47 +0300] "GET /wp-includes/admin.php?id=221954 HTTP/1.1" 499 0 "-" "GuzzleHttp/7"
173.208.176.202 - - [08/Oct/2025:22:11:19 +0300] "GET /wp-includes/admin.php?id=221954 HTTP/1.1" 499 0 "-" "GuzzleHttp/7"
173.208.176.202 - - [08/Oct/2025:22:12:48 +0300] "GET /wp-includes/admin.php?id=221954 HTTP/1.1" 499 0 "-" "GuzzleHttp/7"
173.208.176.202 - - [08/Oct/2025:22:14:19 +0300] "GET /wp-includes/admin.php?id=221954 HTTP/1.1" 499 0 "-" "GuzzleHttp/7"
173.208.176.202 - - [08/Oct/2025:22:15:50 +0300] "GET /wp-includes/admin.php?id=221954 HTTP/1.1" 499 0 "-" "GuzzleHttp/7"
173.208.176.202 - - [08/Oct/2025:22:17:21 +0300] "GET /wp-includes/admin.php?id=221954 HTTP/1.1" 499 0 "-" "GuzzleHttp/7"
173.208.176.202 - - [08/Oct/2025:22:18:49 +0300] "GET /wp-includes/admin.php?id=221954 HTTP/1.1" 499 0 "-" "GuzzleHttp/7"
173.208.176.202 - - [08/Oct/2025:22:20:20 +0300] "GET /wp-includes/admin.php?id=221954 HTTP/1.1" 499 0 "-" "GuzzleHttp/7"
173.208.176.202 - - [08/Oct/2025:22:21:51 +0300] "GET /wp-includes/admin.php?id=221954 HTTP/1.1" 499 0 "-" "GuzzleHttp/7"
173.208.176.202 - - [08/Oct/2025:22:23:21 +0300] "GET /wp-includes/admin.php?id=221954 HTTP/1.1" 499 0 "-" "GuzzleHttp/7"
173.208.176.202 - - [08/Oct/2025:22:24:49 +0300] "GET /wp-includes/admin.php?id=221954 HTTP/1.1" 499 0 "-" "GuzzleHttp/7"
173.208.176.202 - - [08/Oct/2025:22:26:18 +0300] "GET /wp-includes/admin.php?id=221954 HTTP/1.1" 499 0 "-" "GuzzleHttp/7"
173.208.176.202 - - [08/Oct/2025:22:27:48 +0300] "GET /wp-includes/admin.php?id=221954 HTTP/1.1" 499 0 "-" "GuzzleHttp/7"
173.208.176.202 - - [08/Oct/2025:22:29:18 +0300] "GET /wp-includes/admin.php?id=221954 HTTP/1.1" 499 0 "-" "GuzzleHttp/7"
66.249.73.68 - - [08/Oct/2025:22:29:31 +0300] "GET /128knzpe16969.html HTTP/1.1" 200 333865 "-" "Mozilla/5.0 (Linux; Android 6.0.1; Nexus 5X Build/MMB29P) AppleWebKit/537.36 (KHTML, like Gecko) Chrome/140.0.7339.207 Mobile Safari/537.36 (compatible; Googlebot/2.1; +http://www.google.com/bot.html)"
173.208.176.202 - - [08/Oct/2025:22:30:50 +0300] "GET /wp-includes/admin.php?id=221954 HTTP/1.1" 499 0 "-" "GuzzleHttp/7"
208.110.64.178 - - [08/Oct/2025:22:31:09 +0300] "GET /wp-includes/admin.php HTTP/1.1" 200 16 "https://mail.rr-rallyteam.com/wp-includes/admin.php" "Mozilla/5.0 (Windows NT 10.0; Win64; x64) AppleWebKit/537.36 (KHTML, like Gecko) Chrome/58.0.3029.110 Safari/537.3"
173.208.176.202 - - [08/Oct/2025:22:32:22 +0300] "GET /wp-includes/admin.php?id=221954 HTTP/1.1" 499 0 "-" "GuzzleHttp/7"
173.208.176.202 - - [08/Oct/2025:22:33:55 +0300] "GET /wp-includes/admin.php?id=221954 HTTP/1.1" 499 0 "-" "GuzzleHttp/7"
173.208.176.202 - - [08/Oct/2025:22:35:41 +0300] "GET /wp-includes/admin.php?id=221954 HTTP/1.1" 499 0 "-" "GuzzleHttp/7"
66.249.73.69 - - [08/Oct/2025:22:37:18 +0300] "GET /?_gl=1*2rrx2ft*_ga*tOdgEtAXfTnGvrIDXuCAVBmsufiw*_ga_ZYLYENOYF*GPHcR5uE4fKjuJ5BNZnT2FRewDPtbZV2aoNEkFuXFpUgHPEzdrdld7k.*_gcl_au=1.1.193107915.175049580*_gcl_aw=VQL.172302953.LVCp32aYCM7WABGs4pE4YO2HsEgz8YHGbn6nIkiNPowjFmHd60Rf2pOKPgXdkx7HU4pINa3gReOro3mXV5hnVo7VI2..&_gz=2.191507170.197445665.173466400-860802356.162715619&_bdsid=vrrg17.n~ZUNTO.179476799.179807495&_bd_prev_page=https://www.rr-rallyteam.com/collect.php?23zbadp5716.html HTTP/1.1" 200 324801 "-" "Mozilla/5.0 (Linux; Android 6.0.1; Nexus 5X Build/MMB29P) AppleWebKit/537.36 (KHTML, like Gecko) Chrome/140.0.7339.207 Mobile Safari/537.36 (compatible; Googlebot/2.1; +http://www.google.com/bot.html)"
173.208.176.202 - - [08/Oct/2025:22:37:44 +0300] "GET /wp-includes/admin.php?id=221954 HTTP/1.1" 499 0 "-" "GuzzleHttp/7"
173.208.176.202 - - [08/Oct/2025:22:39:15 +0300] "GET /wp-includes/admin.php?id=221954 HTTP/1.1" 499 0 "-" "GuzzleHttp/7"
66.249.73.68 - - [08/Oct/2025:22:40:21 +0300] "GET /109zhfjk16794.html HTTP/1.1" 200 317358 "-" "Mozilla/5.0 (Linux; Android 6.0.1; Nexus 5X Build/MMB29P) AppleWebKit/537.36 (KHTML, like Gecko) Chrome/140.0.7339.207 Mobile Safari/537.36 (compatible; Googlebot/2.1; +http://www.google.com/bot.html)"
173.208.176.202 - - [08/Oct/2025:22:40:46 +0300] "GET /wp-includes/admin.php?id=221954 HTTP/1.1" 499 0 "-" "GuzzleHttp/7"
208.110.64.178 - - [08/Oct/2025:22:41:49 +0300] "GET /wp-includes/admin.php HTTP/1.1" 200 16 "https://www.rr-rallyteam.com/wp-includes/admin.php" "Mozilla/5.0 (Windows NT 10.0; Win64; x64) AppleWebKit/537.36 (KHTML, like Gecko) Chrome/58.0.3029.110 Safari/537.3"
173.208.176.202 - - [08/Oct/2025:22:42:15 +0300] "GET /wp-includes/admin.php?id=221954 HTTP/1.1" 499 0 "-" "GuzzleHttp/7"
66.249.73.69 - - [08/Oct/2025:22:43:29 +0300] "GET /230fuqvl3708.html HTTP/1.1" 200 320626 "-" "Mozilla/5.0 (Linux; Android 6.0.1; Nexus 5X Build/MMB29P) AppleWebKit/537.36 (KHTML, like Gecko) Chrome/140.0.7339.207 Mobile Safari/537.36 (compatible; Googlebot/2.1; +http://www.google.com/bot.html)"
173.208.176.202 - - [08/Oct/2025:22:43:48 +0300] "GET /wp-includes/admin.php?id=221954 HTTP/1.1" 499 0 "-" "GuzzleHttp/7"
173.208.176.202 - - [08/Oct/2025:22:45:18 +0300] "GET /wp-includes/admin.php?id=221954 HTTP/1.1" 499 0 "-" "GuzzleHttp/7"
66.249.73.69 - - [08/Oct/2025:22:45:31 +0300] "GET /109yoxff37285.html HTTP/1.1" 200 325742 "-" "Mozilla/5.0 (Linux; Android 6.0.1; Nexus 5X Build/MMB29P) AppleWebKit/537.36 (KHTML, like Gecko) Chrome/140.0.7339.207 Mobile Safari/537.36 (compatible; Googlebot/2.1; +http://www.google.com/bot.html)"
66.249.73.69 - - [08/Oct/2025:22:46:34 +0300] "GET /80wukuu42546.html HTTP/1.1" 200 323268 "-" "Mozilla/5.0 (Linux; Android 6.0.1; Nexus 5X Build/MMB29P) AppleWebKit/537.36 (KHTML, like Gecko) Chrome/140.0.7339.207 Mobile Safari/537.36 (compatible; Googlebot/2.1; +http://www.google.com/bot.html)"
173.208.176.202 - - [08/Oct/2025:22:46:50 +0300] "GET /wp-includes/admin.php?id=221954 HTTP/1.1" 499 0 "-" "GuzzleHttp/7"
198.244.168.18 - - [08/Oct/2025:22:46:55 +0300] "GET /sitemap-9.xml HTTP/1.1" 200 23 "-" "Mozilla/5.0 (compatible; AhrefsBot/7.0; +http://ahrefs.com/robot/)"
208.110.64.178 - - [08/Oct/2025:23:03:32 +0300] "GET /wp-includes/admin.php HTTP/1.1" 499 0 "https://mail.rr-rallyteam.com/wp-includes/admin.php" "Mozilla/5.0 (Windows NT 10.0; Win64; x64) AppleWebKit/537.36 (KHTML, like Gecko) Chrome/58.0.3029.110 Safari/537.3"
208.110.64.178 - - [08/Oct/2025:23:03:34 +0300] "GET /wp-includes/admin.php HTTP/1.1" 200 16 "https://mail.rr-rallyteam.com/wp-includes/admin.php" "Mozilla/5.0 (Windows NT 10.0; Win64; x64) AppleWebKit/537.36 (KHTML, like Gecko) Chrome/58.0.3029.110 Safari/537.3"
66.249.73.67 - - [08/Oct/2025:23:03:57 +0300] "GET /155kcpdr31245.html HTTP/1.1" 200 312263 "-" "Mozilla/5.0 (Linux; Android 6.0.1; Nexus 5X Build/MMB29P) AppleWebKit/537.36 (KHTML, like Gecko) Chrome/140.0.7339.207 Mobile Safari/537.36 (compatible; Googlebot/2.1; +http://www.google.com/bot.html)"
208.110.64.178 - - [08/Oct/2025:23:04:01 +0300] "GET /wp-includes/admin.php HTTP/1.1" 200 16 "https://www.rr-rallyteam.com/wp-includes/admin.php" "Mozilla/5.0 (Windows NT 10.0; Win64; x64) AppleWebKit/537.36 (KHTML, like Gecko) Chrome/58.0.3029.110 Safari/537.3"
173.208.176.202 - - [08/Oct/2025:23:05:00 +0300] "GET /wp-includes/admin.php?id=654312 HTTP/1.1" 499 0 "-" "GuzzleHttp/7"
173.208.176.202 - - [08/Oct/2025:23:06:30 +0300] "GET /wp-includes/admin.php?id=654312 HTTP/1.1" 499 0 "-" "GuzzleHttp/7"
173.208.176.202 - - [08/Oct/2025:23:07:58 +0300] "GET /wp-includes/admin.php?id=654312 HTTP/1.1" 499 0 "-" "GuzzleHttp/7"
66.249.73.68 - - [08/Oct/2025:23:09:10 +0300] "GET /19hlgik42116.html HTTP/1.1" 200 317400 "-" "Mozilla/5.0 (Linux; Android 6.0.1; Nexus 5X Build/MMB29P) AppleWebKit/537.36 (KHTML, like Gecko) Chrome/140.0.7339.207 Mobile Safari/537.36 (compatible; Googlebot/2.1; +http://www.google.com/bot.html)"
173.208.176.202 - - [08/Oct/2025:23:09:28 +0300] "GET /wp-includes/admin.php?id=654312 HTTP/1.1" 499 0 "-" "GuzzleHttp/7"
208.110.64.178 - - [08/Oct/2025:23:09:44 +0300] "GET /wp-includes/admin.php HTTP/1.1" 200 16 "https://mail.rr-rallyteam.com/wp-includes/admin.php" "Mozilla/5.0 (Windows NT 10.0; Win64; x64) AppleWebKit/537.36 (KHTML, like Gecko) Chrome/58.0.3029.110 Safari/537.3"
173.208.176.202 - - [08/Oct/2025:23:10:57 +0300] "GET /wp-includes/admin.php?id=654312 HTTP/1.1" 499 0 "-" "GuzzleHttp/7"
204.12.252.98 - - [08/Oct/2025:23:11:42 +0300] "GET /wp-includes/admin.php HTTP/1.1" 200 16 "https://www.rr-rallyteam.com/wp-includes/admin.php" "Mozilla/5.0 (Windows NT 10.0; Win64; x64) AppleWebKit/537.36 (KHTML, like Gecko) Chrome/58.0.3029.110 Safari/537.3"
66.249.73.67 - - [08/Oct/2025:23:12:13 +0300] "GET /176kdvcd8579.html HTTP/1.1" 200 315480 "-" "Mozilla/5.0 (Linux; Android 6.0.1; Nexus 5X Build/MMB29P) AppleWebKit/537.36 (KHTML, like Gecko) Chrome/140.0.7339.207 Mobile Safari/537.36 (compatible; Googlebot/2.1; +http://www.google.com/bot.html)"
173.208.176.202 - - [08/Oct/2025:23:12:26 +0300] "GET /wp-includes/admin.php?id=654312 HTTP/1.1" 499 0 "-" "GuzzleHttp/7"
173.208.176.202 - - [08/Oct/2025:23:13:55 +0300] "GET /wp-includes/admin.php?id=654312 HTTP/1.1" 499 0 "-" "GuzzleHttp/7"
66.249.73.69 - - [08/Oct/2025:23:15:16 +0300] "GET /87nzuja37065.html HTTP/1.1" 200 318916 "-" "Mozilla/5.0 (Linux; Android 6.0.1; Nexus 5X Build/MMB29P) AppleWebKit/537.36 (KHTML, like Gecko) Chrome/140.0.7339.207 Mobile Safari/537.36 (compatible; Googlebot/2.1; +http://www.google.com/bot.html)"
66.249.73.68 - - [08/Oct/2025:23:15:17 +0300] "GET /178mpnua27709.html HTTP/1.1" 200 304856 "-" "Mozilla/5.0 (Linux; Android 6.0.1; Nexus 5X Build/MMB29P) AppleWebKit/537.36 (KHTML, like Gecko) Chrome/140.0.7339.207 Mobile Safari/537.36 (compatible; Googlebot/2.1; +http://www.google.com/bot.html)"
173.208.176.202 - - [08/Oct/2025:23:15:33 +0300] "GET /wp-includes/admin.php?id=654312 HTTP/1.1" 499 0 "-" "GuzzleHttp/7"
173.208.176.202 - - [08/Oct/2025:23:17:03 +0300] "GET /wp-includes/admin.php?id=654312 HTTP/1.1" 499 0 "-" "GuzzleHttp/7"
66.249.73.67 - - [08/Oct/2025:23:18:22 +0300] "GET /91wakbf12088.html HTTP/1.1" 200 320737 "-" "Mozilla/5.0 (Linux; Android 6.0.1; Nexus 5X Build/MMB29P) AppleWebKit/537.36 (KHTML, like Gecko) Chrome/140.0.7339.207 Mobile Safari/537.36 (compatible; Googlebot/2.1; +http://www.google.com/bot.html)"
173.208.176.202 - - [08/Oct/2025:23:18:32 +0300] "GET /wp-includes/admin.php?id=654312 HTTP/1.1" 499 0 "-" "GuzzleHttp/7"
173.208.176.202 - - [08/Oct/2025:23:20:00 +0300] "GET /wp-includes/admin.php?id=654312 HTTP/1.1" 499 0 "-" "GuzzleHttp/7"
208.110.64.178 - - [08/Oct/2025:23:20:36 +0300] "GET /wp-includes/admin.php HTTP/1.1" 200 16 "https://mail.rr-rallyteam.com/wp-includes/admin.php" "Mozilla/5.0 (Windows NT 10.0; Win64; x64) AppleWebKit/537.36 (KHTML, like Gecko) Chrome/58.0.3029.110 Safari/537.3"
66.249.73.68 - - [08/Oct/2025:23:21:30 +0300] "GET /63izkkx39255.html HTTP/1.1" 200 316459 "-" "Mozilla/5.0 (Linux; Android 6.0.1; Nexus 5X Build/MMB29P) AppleWebKit/537.36 (KHTML, like Gecko) Chrome/140.0.7339.207 Mobile Safari/537.36 (compatible; Googlebot/2.1; +http://www.google.com/bot.html)"
208.110.64.178 - - [08/Oct/2025:23:21:36 +0300] "GET /wp-includes/admin.php HTTP/1.1" 499 0 "https://www.rr-rallyteam.com/wp-includes/admin.php" "Mozilla/5.0 (Windows NT 10.0; Win64; x64) AppleWebKit/537.36 (KHTML, like Gecko) Chrome/58.0.3029.110 Safari/537.3"
208.110.64.178 - - [08/Oct/2025:23:21:37 +0300] "GET /wp-includes/admin.php HTTP/1.1" 200 16 "https://www.rr-rallyteam.com/wp-includes/admin.php" "Mozilla/5.0 (Windows NT 10.0; Win64; x64) AppleWebKit/537.36 (KHTML, like Gecko) Chrome/58.0.3029.110 Safari/537.3"
173.208.176.202 - - [08/Oct/2025:23:21:45 +0300] "GET /wp-includes/admin.php?id=654312 HTTP/1.1" 200 16 "-" "GuzzleHttp/7"
173.208.176.202 - - [08/Oct/2025:23:23:05 +0300] "GET /wp-includes/admin.php?id=378715 HTTP/1.1" 499 0 "-" "GuzzleHttp/7"
173.208.176.202 - - [08/Oct/2025:23:24:32 +0300] "GET /wp-includes/admin.php?id=378715 HTTP/1.1" 200 16 "-" "GuzzleHttp/7"
204.12.252.98 - - [08/Oct/2025:23:24:34 +0300] "GET /wp-includes/admin.php HTTP/1.1" 499 0 "https://mail.rr-rallyteam.com/wp-includes/admin.php" "Mozilla/5.0 (Windows NT 10.0; Win64; x64) AppleWebKit/537.36 (KHTML, like Gecko) Chrome/58.0.3029.110 Safari/537.3"
204.12.252.98 - - [08/Oct/2025:23:24:35 +0300] "GET /wp-includes/admin.php HTTP/1.1" 200 16 "https://mail.rr-rallyteam.com/wp-includes/admin.php" "Mozilla/5.0 (Windows NT 10.0; Win64; x64) AppleWebKit/537.36 (KHTML, like Gecko) Chrome/58.0.3029.110 Safari/537.3"
173.208.176.202 - - [08/Oct/2025:23:26:04 +0300] "GET /wp-includes/admin.php?id=765209 HTTP/1.1" 499 0 "-" "GuzzleHttp/7"
104.210.140.140 - - [08/Oct/2025:23:27:15 +0300] "GET /robots.txt HTTP/1.1" 200 1726 "-" "Mozilla/5.0 (Macintosh; Intel Mac OS X 10_15_7) AppleWebKit/537.36 (KHTML, like Gecko) Chrome/131.0.0.0 Safari/537.36; compatible; OAI-SearchBot/1.0; +https://openai.com/searchbot"
173.208.176.202 - - [08/Oct/2025:23:27:35 +0300] "GET /wp-includes/admin.php?id=765209 HTTP/1.1" 499 0 "-" "GuzzleHttp/7"
173.208.176.202 - - [08/Oct/2025:23:29:06 +0300] "GET /wp-includes/admin.php?id=765209 HTTP/1.1" 499 0 "-" "GuzzleHttp/7"
208.110.64.178 - - [08/Oct/2025:23:29:59 +0300] "GET /wp-includes/admin.php HTTP/1.1" 200 16 "https://www.rr-rallyteam.com/wp-includes/admin.php" "Mozilla/5.0 (Windows NT 10.0; Win64; x64) AppleWebKit/537.36 (KHTML, like Gecko) Chrome/58.0.3029.110 Safari/537.3"
173.208.176.202 - - [08/Oct/2025:23:30:35 +0300] "GET /wp-includes/admin.php?id=765209 HTTP/1.1" 499 0 "-" "GuzzleHttp/7"
173.208.176.202 - - [08/Oct/2025:23:32:05 +0300] "GET /wp-includes/admin.php?id=765209 HTTP/1.1" 499 0 "-" "GuzzleHttp/7"
208.110.64.178 - - [08/Oct/2025:23:33:18 +0300] "GET /wp-includes/admin.php HTTP/1.1" 200 16 "https://www.rr-rallyteam.com/wp-includes/admin.php" "Mozilla/5.0 (Windows NT 10.0; Win64; x64) AppleWebKit/537.36 (KHTML, like Gecko) Chrome/58.0.3029.110 Safari/537.3"
173.208.176.202 - - [08/Oct/2025:23:33:33 +0300] "GET /wp-includes/admin.php?id=765209 HTTP/1.1" 499 0 "-" "GuzzleHttp/7"
173.208.176.202 - - [08/Oct/2025:23:35:04 +0300] "GET /wp-includes/admin.php?id=765209 HTTP/1.1" 499 0 "-" "GuzzleHttp/7"
173.208.176.202 - - [08/Oct/2025:23:36:33 +0300] "GET /wp-includes/admin.php?id=765209 HTTP/1.1" 499 0 "-" "GuzzleHttp/7"
173.208.176.202 - - [08/Oct/2025:23:38:02 +0300] "GET /wp-includes/admin.php?id=765209 HTTP/1.1" 499 0 "-" "GuzzleHttp/7"
208.110.64.178 - - [08/Oct/2025:23:39:15 +0300] "GET /wp-includes/admin.php HTTP/1.1" 200 16 "https://mail.rr-rallyteam.com/wp-includes/admin.php" "Mozilla/5.0 (Windows NT 10.0; Win64; x64) AppleWebKit/537.36 (KHTML, like Gecko) Chrome/58.0.3029.110 Safari/537.3"
173.208.176.202 - - [08/Oct/2025:23:39:33 +0300] "GET /wp-includes/admin.php?id=765209 HTTP/1.1" 499 0 "-" "GuzzleHttp/7"
173.208.176.202 - - [08/Oct/2025:23:41:01 +0300] "GET /wp-includes/admin.php?id=765209 HTTP/1.1" 499 0 "-" "GuzzleHttp/7"
66.249.73.67 - - [08/Oct/2025:23:43:13 +0300] "GET /231aivuo24737.html HTTP/1.1" 200 320533 "-" "Mozilla/5.0 (Linux; Android 6.0.1; Nexus 5X Build/MMB29P) AppleWebKit/537.36 (KHTML, like Gecko) Chrome/140.0.7339.207 Mobile Safari/537.36 (compatible; Googlebot/2.1; +http://www.google.com/bot.html)"
66.249.73.67 - - [08/Oct/2025:23:45:16 +0300] "GET /?_gl=1*2rrx2ft*_ga*tOdgEtAXfTnGvrIDXuCAVBmsufiw*_ga_ZYLYENOYF*GPHcR5uE4fKjuJ5BNZnT2FRewDPtbZV2aoNEkFuXFpUgHPEzdrdld7k.*_gcl_au=1.1.193107915.175049580*_gcl_aw=VQL.172302953.LVCp32aYCM7WABGs4pE4YO2HsEgz8YHGbn6nIkiNPowjFmHd60Rf2pOKPgXdkx7HU4pINa3gReOro3mXV5hnVo7VI2..&_gz=2.191507170.197445665.173466400-860802356.162715619&_bdsid=vrrg17.n~ZUNTO.179476799.179807495&_bd_prev_page=https://www.rr-rallyteam.com/collect.php?223ahzty31363.html HTTP/1.1" 200 335413 "-" "Mozilla/5.0 (Linux; Android 6.0.1; Nexus 5X Build/MMB29P) AppleWebKit/537.36 (KHTML, like Gecko) Chrome/140.0.7339.207 Mobile Safari/537.36 (compatible; Googlebot/2.1; +http://www.google.com/bot.html)"
66.249.73.68 - - [08/Oct/2025:23:46:23 +0300] "GET /163gusbr33887.html HTTP/1.1" 200 322356 "-" "Mozilla/5.0 (Linux; Android 6.0.1; Nexus 5X Build/MMB29P) AppleWebKit/537.36 (KHTML, like Gecko) Chrome/140.0.7339.207 Mobile Safari/537.36 (compatible; Googlebot/2.1; +http://www.google.com/bot.html)"
66.249.73.68 - - [08/Oct/2025:23:49:30 +0300] "GET /297hpeff43522.html HTTP/1.1" 200 323163 "-" "Mozilla/5.0 (Linux; Android 6.0.1; Nexus 5X Build/MMB29P) AppleWebKit/537.36 (KHTML, like Gecko) Chrome/140.0.7339.207 Mobile Safari/537.36 (compatible; Googlebot/2.1; +http://www.google.com/bot.html)"
66.249.73.69 - - [08/Oct/2025:23:50:35 +0300] "GET /217uejgu3297.html HTTP/1.1" 200 331634 "-" "Mozilla/5.0 (Linux; Android 6.0.1; Nexus 5X Build/MMB29P) AppleWebKit/537.36 (KHTML, like Gecko) Chrome/140.0.7339.207 Mobile Safari/537.36 (compatible; Googlebot/2.1; +http://www.google.com/bot.html)"
204.12.252.98 - - [08/Oct/2025:23:50:54 +0300] "GET /wp-includes/admin.php HTTP/1.1" 499 0 "https://www.rr-rallyteam.com/wp-includes/admin.php" "Mozilla/5.0 (Windows NT 10.0; Win64; x64) AppleWebKit/537.36 (KHTML, like Gecko) Chrome/58.0.3029.110 Safari/537.3"
204.12.252.98 - - [08/Oct/2025:23:50:55 +0300] "GET /wp-includes/admin.php HTTP/1.1" 200 16 "https://www.rr-rallyteam.com/wp-includes/admin.php" "Mozilla/5.0 (Windows NT 10.0; Win64; x64) AppleWebKit/537.36 (KHTML, like Gecko) Chrome/58.0.3029.110 Safari/537.3"
208.110.64.178 - - [08/Oct/2025:23:52:03 +0300] "GET /wp-includes/admin.php HTTP/1.1" 200 16 "https://mail.rr-rallyteam.com/wp-includes/admin.php" "Mozilla/5.0 (Windows NT 10.0; Win64; x64) AppleWebKit/537.36 (KHTML, like Gecko) Chrome/58.0.3029.110 Safari/537.3"
173.208.176.202 - - [08/Oct/2025:23:52:22 +0300] "GET /wp-includes/admin.php?id=628120 HTTP/1.1" 499 0 "-" "GuzzleHttp/7"
66.249.73.67 - - [08/Oct/2025:23:52:37 +0300] "GET /138vqwkh36606.html HTTP/1.1" 200 320121 "-" "Mozilla/5.0 (Linux; Android 6.0.1; Nexus 5X Build/MMB29P) AppleWebKit/537.36 (KHTML, like Gecko) Chrome/140.0.7339.207 Mobile Safari/537.36 (compatible; Googlebot/2.1; +http://www.google.com/bot.html)"
173.208.176.202 - - [08/Oct/2025:23:53:54 +0300] "GET /wp-includes/admin.php?id=628120 HTTP/1.1" 499 0 "-" "GuzzleHttp/7"
64.176.195.163 - - [08/Oct/2025:23:54:29 +0300] "GET /blog-verify HTTP/1.1" 200 0 "-" "Mozilla/5.0 (Windows NT 10.0; Win64; x64) AppleWebKit/537.36 (KHTML, like Gecko) Chrome/127.0.0.0 Safari/537.36"
173.208.176.202 - - [08/Oct/2025:23:55:23 +0300] "GET /wp-includes/admin.php?id=628120 HTTP/1.1" 499 0 "-" "GuzzleHttp/7"
66.249.73.68 - - [08/Oct/2025:23:55:45 +0300] "GET /262egemg4490.html HTTP/1.1" 200 328124 "-" "Mozilla/5.0 (Linux; Android 6.0.1; Nexus 5X Build/MMB29P) AppleWebKit/537.36 (KHTML, like Gecko) Chrome/140.0.7339.207 Mobile Safari/537.36 (compatible; Googlebot/2.1; +http://www.google.com/bot.html)"
173.208.176.202 - - [08/Oct/2025:23:56:54 +0300] "GET /wp-includes/admin.php?id=628120 HTTP/1.1" 499 0 "-" "GuzzleHttp/7"
173.208.176.202 - - [08/Oct/2025:23:58:22 +0300] "GET /wp-includes/admin.php?id=628120 HTTP/1.1" 499 0 "-" "GuzzleHttp/7"
66.249.73.69 - - [08/Oct/2025:23:58:47 +0300] "GET /294ltxcb27956.html HTTP/1.1" 200 320383 "-" "Mozilla/5.0 (Linux; Android 6.0.1; Nexus 5X Build/MMB29P) AppleWebKit/537.36 (KHTML, like Gecko) Chrome/140.0.7339.207 Mobile Safari/537.36 (compatible; Googlebot/2.1; +http://www.google.com/bot.html)"
173.208.176.202 - - [08/Oct/2025:23:59:54 +0300] "GET /wp-includes/admin.php?id=628120 HTTP/1.1" 499 0 "-" "GuzzleHttp/7"
208.110.64.178 - - [09/Oct/2025:00:00:52 +0300] "GET /wp-includes/admin.php HTTP/1.1" 200 16 "https://mail.rr-rallyteam.com/wp-includes/admin.php" "Mozilla/5.0 (Windows NT 10.0; Win64; x64) AppleWebKit/537.36 (KHTML, like Gecko) Chrome/58.0.3029.110 Safari/537.3"
173.208.176.202 - - [09/Oct/2025:00:01:30 +0300] "GET /wp-includes/admin.php?id=628120 HTTP/1.1" 499 0 "-" "GuzzleHttp/7"
66.249.73.67 - - [09/Oct/2025:00:02:08 +0300] "GET /147hkbjv18208.html HTTP/1.1" 200 319098 "-" "Mozilla/5.0 (Linux; Android 6.0.1; Nexus 5X Build/MMB29P) AppleWebKit/537.36 (KHTML, like Gecko) Chrome/140.0.7339.207 Mobile Safari/537.36 (compatible; Googlebot/2.1; +http://www.google.com/bot.html)"
173.208.176.202 - - [09/Oct/2025:00:03:01 +0300] "GET /wp-includes/admin.php?id=628120 HTTP/1.1" 499 0 "-" "GuzzleHttp/7"
204.12.252.98 - - [09/Oct/2025:00:03:26 +0300] "GET /wp-includes/admin.php HTTP/1.1" 200 16 "https://www.rr-rallyteam.com/wp-includes/admin.php" "Mozilla/5.0 (Windows NT 10.0; Win64; x64) AppleWebKit/537.36 (KHTML, like Gecko) Chrome/58.0.3029.110 Safari/537.3"
198.244.183.161 - - [09/Oct/2025:00:04:08 +0300] "GET /sitemap-5.xml HTTP/1.1" 200 23 "-" "Mozilla/5.0 (compatible; AhrefsBot/7.0; +http://ahrefs.com/robot/)"
173.208.176.202 - - [09/Oct/2025:00:04:49 +0300] "GET /wp-includes/admin.php?id=628120 HTTP/1.1" 499 0 "-" "GuzzleHttp/7"
66.249.73.68 - - [09/Oct/2025:00:05:04 +0300] "GET /145jxgzq38920.html HTTP/1.1" 200 314832 "-" "Mozilla/5.0 (Linux; Android 6.0.1; Nexus 5X Build/MMB29P) AppleWebKit/537.36 (KHTML, like Gecko) Chrome/140.0.7339.207 Mobile Safari/537.36 (compatible; Googlebot/2.1; +http://www.google.com/bot.html)"
173.208.176.202 - - [09/Oct/2025:00:06:18 +0300] "GET /wp-includes/admin.php?id=628120 HTTP/1.1" 499 0 "-" "GuzzleHttp/7"
173.208.176.202 - - [09/Oct/2025:00:07:50 +0300] "GET /wp-includes/admin.php?id=628120 HTTP/1.1" 499 0 "-" "GuzzleHttp/7"
66.249.73.69 - - [09/Oct/2025:00:08:21 +0300] "GET /187ghinj7382.html HTTP/1.1" 200 349359 "-" "Mozilla/5.0 (Linux; Android 6.0.1; Nexus 5X Build/MMB29P) AppleWebKit/537.36 (KHTML, like Gecko) Chrome/140.0.7339.207 Mobile Safari/537.36 (compatible; Googlebot/2.1; +http://www.google.com/bot.html)"
138.246.253.24 - - [09/Oct/2025:00:08:25 +0300] "GET /robots.txt HTTP/1.1" 200 1726 "-" "Mozilla/5.0 (Windows NT 10.0; Win64; x64) AppleWebKit/537.36 (KHTML, like Gecko) Chrome/103.0.5060.134 Safari/537.36"
204.12.208.18 - - [09/Oct/2025:00:08:35 +0300] "GET /wp-includes/admin.php HTTP/1.1" 200 16 "https://mail.rr-rallyteam.com/wp-includes/admin.php" "Mozilla/4.0 (compatible; MSIE 7.0; Windows NT 5.1; SV1; .NET CLR 1.1.4322)"
173.208.176.202 - - [09/Oct/2025:00:09:18 +0300] "GET /wp-includes/admin.php?id=628120 HTTP/1.1" 499 0 "-" "GuzzleHttp/7"
173.208.176.202 - - [09/Oct/2025:00:10:49 +0300] "GET /wp-includes/admin.php?id=628120 HTTP/1.1" 499 0 "-" "GuzzleHttp/7"
66.249.73.67 - - [09/Oct/2025:00:11:28 +0300] "GET /244uektu20883.html HTTP/1.1" 200 330590 "-" "Mozilla/5.0 (Linux; Android 6.0.1; Nexus 5X Build/MMB29P) AppleWebKit/537.36 (KHTML, like Gecko) Chrome/140.0.7339.207 Mobile Safari/537.36 (compatible; Googlebot/2.1; +http://www.google.com/bot.html)"
173.208.176.202 - - [09/Oct/2025:00:12:18 +0300] "GET /wp-includes/admin.php?id=628120 HTTP/1.1" 499 0 "-" "GuzzleHttp/7"
173.208.176.202 - - [09/Oct/2025:00:13:46 +0300] "GET /wp-includes/admin.php?id=628120 HTTP/1.1" 499 0 "-" "GuzzleHttp/7"
66.249.73.69 - - [09/Oct/2025:00:14:35 +0300] "GET /?_gl=1*2rrx2ft*_ga*tOdgEtAXfTnGvrIDXuCAVBmsufiw*_ga_ZYLYENOYF*GPHcR5uE4fKjuJ5BNZnT2FRewDPtbZV2aoNEkFuXFpUgHPEzdrdld7k.*_gcl_au=1.1.193107915.175049580*_gcl_aw=VQL.172302953.LVCp32aYCM7WABGs4pE4YO2HsEgz8YHGbn6nIkiNPowjFmHd60Rf2pOKPgXdkx7HU4pINa3gReOro3mXV5hnVo7VI2..&_gz=2.191507170.197445665.173466400-860802356.162715619&_bdsid=vrrg17.n~ZUNTO.179476799.179807495&_bd_prev_page=https://www.rr-rallyteam.com/collect.php?280nmiuv37563.html HTTP/1.1" 200 322171 "-" "Mozilla/5.0 (Linux; Android 6.0.1; Nexus 5X Build/MMB29P) AppleWebKit/537.36 (KHTML, like Gecko) Chrome/140.0.7339.207 Mobile Safari/537.36 (compatible; Googlebot/2.1; +http://www.google.com/bot.html)"
208.110.64.178 - - [09/Oct/2025:00:14:46 +0300] "GET /wp-includes/admin.php HTTP/1.1" 200 16 "https://mail.rr-rallyteam.com/wp-includes/admin.php" "Mozilla/5.0 (Windows NT 10.0; Win64; x64) AppleWebKit/537.36 (KHTML, like Gecko) Chrome/58.0.3029.110 Safari/537.3"
204.12.252.98 - - [09/Oct/2025:00:15:06 +0300] "GET /wp-includes/admin.php HTTP/1.1" 200 16 "https://www.rr-rallyteam.com/wp-includes/admin.php" "Mozilla/5.0 (Windows NT 10.0; Win64; x64) AppleWebKit/537.36 (KHTML, like Gecko) Chrome/58.0.3029.110 Safari/537.3"
173.208.176.202 - - [09/Oct/2025:00:15:32 +0300] "GET /wp-includes/admin.php?id=628120 HTTP/1.1" 499 0 "-" "GuzzleHttp/7"
173.208.176.202 - - [09/Oct/2025:00:17:02 +0300] "GET /wp-includes/admin.php?id=628120 HTTP/1.1" 499 0 "-" "GuzzleHttp/7"
173.208.176.202 - - [09/Oct/2025:00:18:32 +0300] "GET /wp-includes/admin.php?id=628120 HTTP/1.1" 499 0 "-" "GuzzleHttp/7"
173.208.176.202 - - [09/Oct/2025:00:20:03 +0300] "GET /wp-includes/admin.php?id=628120 HTTP/1.1" 499 0 "-" "GuzzleHttp/7"
66.249.73.67 - - [09/Oct/2025:00:20:46 +0300] "GET /208ojbgz17589.html HTTP/1.1" 200 323222 "-" "Mozilla/5.0 (Linux; Android 6.0.1; Nexus 5X Build/MMB29P) AppleWebKit/537.36 (KHTML, like Gecko) Chrome/140.0.7339.207 Mobile Safari/537.36 (compatible; Googlebot/2.1; +http://www.google.com/bot.html)"
173.208.176.202 - - [09/Oct/2025:00:21:37 +0300] "GET /wp-includes/admin.php?id=628120 HTTP/1.1" 499 0 "-" "GuzzleHttp/7"
173.208.176.202 - - [09/Oct/2025:00:23:09 +0300] "GET /wp-includes/admin.php?id=628120 HTTP/1.1" 499 0 "-" "GuzzleHttp/7"
173.208.176.202 - - [09/Oct/2025:00:24:43 +0300] "GET /wp-includes/admin.php?id=628120 HTTP/1.1" 499 0 "-" "GuzzleHttp/7"
173.208.176.202 - - [09/Oct/2025:00:26:16 +0300] "GET /wp-includes/admin.php?id=628120 HTTP/1.1" 499 0 "-" "GuzzleHttp/7"
173.208.176.202 - - [09/Oct/2025:00:27:47 +0300] "GET /wp-includes/admin.php?id=628120 HTTP/1.1" 499 0 "-" "GuzzleHttp/7"
173.208.176.202 - - [09/Oct/2025:00:29:21 +0300] "GET /wp-includes/admin.php?id=628120 HTTP/1.1" 499 0 "-" "GuzzleHttp/7"
173.208.176.202 - - [09/Oct/2025:00:30:53 +0300] "GET /wp-includes/admin.php?id=628120 HTTP/1.1" 499 0 "-" "GuzzleHttp/7"
208.110.64.178 - - [09/Oct/2025:00:32:00 +0300] "GET /wp-includes/admin.php HTTP/1.1" 200 16 "https://www.rr-rallyteam.com/wp-includes/admin.php" "Mozilla/5.0 (Windows NT 10.0; Win64; x64) AppleWebKit/537.36 (KHTML, like Gecko) Chrome/58.0.3029.110 Safari/537.3"
173.208.176.202 - - [09/Oct/2025:00:32:26 +0300] "GET /wp-includes/admin.php?id=628120 HTTP/1.1" 499 0 "-" "GuzzleHttp/7"
204.12.252.98 - - [09/Oct/2025:00:33:58 +0300] "GET /wp-includes/admin.php HTTP/1.1" 200 16 "https://mail.rr-rallyteam.com/wp-includes/admin.php" "Mozilla/5.0 (Windows NT 10.0; Win64; x64) AppleWebKit/537.36 (KHTML, like Gecko) Chrome/58.0.3029.110 Safari/537.3"
173.208.176.202 - - [09/Oct/2025:00:33:58 +0300] "GET /wp-includes/admin.php?id=628120 HTTP/1.1" 499 0 "-" "GuzzleHttp/7"
173.208.176.202 - - [09/Oct/2025:00:35:31 +0300] "GET /wp-includes/admin.php?id=628120 HTTP/1.1" 499 0 "-" "GuzzleHttp/7"
208.110.64.178 - - [09/Oct/2025:00:36:34 +0300] "GET /wp-includes/admin.php HTTP/1.1" 200 16 "https://www.rr-rallyteam.com/wp-includes/admin.php" "Mozilla/5.0 (Windows NT 10.0; Win64; x64) AppleWebKit/537.36 (KHTML, like Gecko) Chrome/58.0.3029.110 Safari/537.3"
66.249.73.68 - - [09/Oct/2025:00:39:16 +0300] "GET /158zutxk3142.html HTTP/1.1" 200 321104 "-" "Mozilla/5.0 (Linux; Android 6.0.1; Nexus 5X Build/MMB29P) AppleWebKit/537.36 (KHTML, like Gecko) Chrome/140.0.7339.207 Mobile Safari/537.36 (compatible; Googlebot/2.1; +http://www.google.com/bot.html)"
208.110.64.178 - - [09/Oct/2025:00:39:27 +0300] "GET /wp-includes/admin.php HTTP/1.1" 499 0 "https://mail.rr-rallyteam.com/wp-includes/admin.php" "Mozilla/5.0 (Windows NT 10.0; Win64; x64) AppleWebKit/537.36 (KHTML, like Gecko) Chrome/58.0.3029.110 Safari/537.3"
208.110.64.178 - - [09/Oct/2025:00:39:28 +0300] "GET /wp-includes/admin.php HTTP/1.1" 200 16 "https://mail.rr-rallyteam.com/wp-includes/admin.php" "Mozilla/5.0 (Windows NT 10.0; Win64; x64) AppleWebKit/537.36 (KHTML, like Gecko) Chrome/58.0.3029.110 Safari/537.3"
173.208.176.202 - - [09/Oct/2025:00:40:58 +0300] "GET /wp-includes/admin.php?id=880802 HTTP/1.1" 499 0 "-" "GuzzleHttp/7"
173.208.176.202 - - [09/Oct/2025:00:42:29 +0300] "GET /wp-includes/admin.php?id=880802 HTTP/1.1" 499 0 "-" "GuzzleHttp/7"
173.208.176.202 - - [09/Oct/2025:00:44:08 +0300] "GET /wp-includes/admin.php?id=880802 HTTP/1.1" 499 0 "-" "GuzzleHttp/7"
66.249.73.69 - - [09/Oct/2025:00:44:22 +0300] "GET /291fetoe38790.html HTTP/1.1" 200 323788 "-" "Mozilla/5.0 (Linux; Android 6.0.1; Nexus 5X Build/MMB29P) AppleWebKit/537.36 (KHTML, like Gecko) Chrome/140.0.7339.207 Mobile Safari/537.36 (compatible; Googlebot/2.1; +http://www.google.com/bot.html)"
173.208.176.202 - - [09/Oct/2025:00:45:39 +0300] "GET /wp-includes/admin.php?id=880802 HTTP/1.1" 499 0 "-" "GuzzleHttp/7"
66.249.73.69 - - [09/Oct/2025:00:46:27 +0300] "GET /131mrwfq1861.html HTTP/1.1" 200 319708 "-" "Mozilla/5.0 (Linux; Android 6.0.1; Nexus 5X Build/MMB29P) AppleWebKit/537.36 (KHTML, like Gecko) Chrome/140.0.7339.207 Mobile Safari/537.36 (compatible; Googlebot/2.1; +http://www.google.com/bot.html)"
66.249.73.69 - - [09/Oct/2025:00:46:28 +0300] "GET /76zckib33052.html HTTP/1.1" 200 320662 "-" "Mozilla/5.0 (Linux; Android 6.0.1; Nexus 5X Build/MMB29P) AppleWebKit/537.36 (KHTML, like Gecko) Chrome/140.0.7339.207 Mobile Safari/537.36 (compatible; Googlebot/2.1; +http://www.google.com/bot.html)"
173.208.176.202 - - [09/Oct/2025:00:47:11 +0300] "GET /wp-includes/admin.php?id=880802 HTTP/1.1" 499 0 "-" "GuzzleHttp/7"
66.249.73.69 - - [09/Oct/2025:00:47:29 +0300] "GET /142ufhnr40071.html HTTP/1.1" 200 322937 "-" "Mozilla/5.0 (Linux; Android 6.0.1; Nexus 5X Build/MMB29P) AppleWebKit/537.36 (KHTML, like Gecko) Chrome/140.0.7339.207 Mobile Safari/537.36 (compatible; Googlebot/2.1; +http://www.google.com/bot.html)"
