69.197.184.234 - - [09/Jan/2025:23:12:41 +0300] "GET /wp-includes/admin.php HTTP/1.1" 499 0 "-" "GuzzleHttp/7"
69.197.184.234 - - [09/Jan/2025:23:12:46 +0300] "GET /wp-includes/admin.php HTTP/1.1" 499 0 "-" "GuzzleHttp/7"
69.197.184.234 - - [09/Jan/2025:23:12:49 +0300] "GET /wp-includes/admin.php?id=146731 HTTP/1.1" 500 0 "-" "GuzzleHttp/7"
69.197.184.234 - - [09/Jan/2025:23:12:50 +0300] "GET /wp-includes/admin.php HTTP/1.1" 499 0 "-" "GuzzleHttp/7"
69.197.184.234 - - [09/Jan/2025:23:12:51 +0300] "GET /wp-includes/admin.php?id=224370 HTTP/1.1" 499 0 "-" "GuzzleHttp/7"
69.197.184.234 - - [09/Jan/2025:23:12:56 +0300] "GET /wp-includes/admin.php?id=224370 HTTP/1.1" 499 0 "-" "GuzzleHttp/7"
69.197.184.234 - - [09/Jan/2025:23:13:00 +0300] "GET /wp-includes/admin.php HTTP/1.1" 499 0 "-" "GuzzleHttp/7"
69.197.184.234 - - [09/Jan/2025:23:13:03 +0300] "GET /wp-includes/admin.php?id=224370 HTTP/1.1" 499 0 "-" "GuzzleHttp/7"
69.197.184.234 - - [09/Jan/2025:23:13:07 +0300] "GET /wp-includes/admin.php?id=224370 HTTP/1.1" 499 0 "-" "GuzzleHttp/7"
69.197.184.234 - - [09/Jan/2025:23:13:11 +0300] "GET /wp-includes/admin.php?id=224370 HTTP/1.1" 499 0 "-" "GuzzleHttp/7"
69.197.184.234 - - [09/Jan/2025:23:13:12 +0300] "GET /wp-includes/admin.php HTTP/1.1" 499 0 "-" "GuzzleHttp/7"
69.197.184.234 - - [09/Jan/2025:23:13:15 +0300] "GET /wp-includes/admin.php?id=224370 HTTP/1.1" 499 0 "-" "GuzzleHttp/7"
69.197.184.234 - - [09/Jan/2025:23:13:17 +0300] "GET /wp-includes/admin.php HTTP/1.1" 200 16 "-" "GuzzleHttp/7"
69.197.184.234 - - [09/Jan/2025:23:13:22 +0300] "GET /wp-includes/admin.php HTTP/1.1" 499 0 "-" "GuzzleHttp/7"
69.197.184.234 - - [09/Jan/2025:23:13:25 +0300] "GET /wp-includes/admin.php HTTP/1.1" 499 0 "-" "GuzzleHttp/7"
69.197.184.234 - - [09/Jan/2025:23:13:29 +0300] "GET /wp-includes/admin.php HTTP/1.1" 500 0 "-" "GuzzleHttp/7"
69.197.184.234 - - [09/Jan/2025:23:13:32 +0300] "GET /wp-includes/admin.php?id=901466 HTTP/1.1" 499 0 "-" "GuzzleHttp/7"
69.197.184.234 - - [09/Jan/2025:23:13:34 +0300] "GET /wp-includes/admin.php HTTP/1.1" 500 0 "-" "GuzzleHttp/7"
69.197.184.234 - - [09/Jan/2025:23:13:37 +0300] "GET /wp-includes/admin.php HTTP/1.1" 200 16 "-" "GuzzleHttp/7"
69.197.184.234 - - [09/Jan/2025:23:13:38 +0300] "GET /wp-includes/admin.php?id=901466 HTTP/1.1" 499 0 "-" "GuzzleHttp/7"
69.197.184.234 - - [09/Jan/2025:23:13:46 +0300] "GET /wp-includes/admin.php HTTP/1.1" 499 0 "-" "GuzzleHttp/7"
69.197.184.234 - - [09/Jan/2025:23:13:55 +0300] "GET /wp-includes/admin.php HTTP/1.1" 499 0 "-" "GuzzleHttp/7"
69.197.184.234 - - [09/Jan/2025:23:13:59 +0300] "GET /wp-includes/admin.php HTTP/1.1" 499 0 "-" "GuzzleHttp/7"
69.197.184.234 - - [09/Jan/2025:23:14:00 +0300] "GET /wp-includes/admin.php?id=175032 HTTP/1.1" 200 16 "-" "GuzzleHttp/7"
69.197.184.234 - - [09/Jan/2025:23:14:06 +0300] "GET /wp-includes/admin.php?id=545994 HTTP/1.1" 499 0 "-" "GuzzleHttp/7"
69.197.184.234 - - [09/Jan/2025:23:14:11 +0300] "GET /wp-includes/admin.php HTTP/1.1" 200 16 "-" "GuzzleHttp/7"
69.197.184.234 - - [09/Jan/2025:23:14:12 +0300] "GET /wp-includes/admin.php?id=545994 HTTP/1.1" 499 0 "-" "GuzzleHttp/7"
69.197.184.234 - - [09/Jan/2025:23:14:16 +0300] "GET /wp-includes/admin.php HTTP/1.1" 499 0 "-" "GuzzleHttp/7"
69.197.184.234 - - [09/Jan/2025:23:14:23 +0300] "GET /wp-includes/admin.php HTTP/1.1" 499 0 "-" "GuzzleHttp/7"
69.197.184.234 - - [09/Jan/2025:23:14:28 +0300] "GET /wp-includes/admin.php HTTP/1.1" 499 0 "-" "GuzzleHttp/7"
69.197.184.234 - - [09/Jan/2025:23:14:34 +0300] "GET /wp-includes/admin.php HTTP/1.1" 500 0 "-" "GuzzleHttp/7"
69.197.184.234 - - [09/Jan/2025:23:14:41 +0300] "GET /wp-includes/admin.php HTTP/1.1" 499 0 "-" "GuzzleHttp/7"
69.197.184.234 - - [09/Jan/2025:23:14:44 +0300] "GET /wp-includes/admin.php HTTP/1.1" 499 0 "-" "GuzzleHttp/7"
66.249.66.160 - - [09/Jan/2025:23:14:47 +0300] "GET /?_gl=1*bvg2w1v*_ga*cYBHiwULbPPTakybhFSyeGjgoTmM*_ga_TLNPGFDWK*qI3MJ8hKeMOMZACb9nCbwfuoUBoqX0pcnCCom1LERtOAU7JvWs2Rne3.*_gcl_au=1.1.197463672.179270806*_gcl_aw=RQF.172469427.Pe6FV9UCfPfUYWnDKmr1nqr9y2rjvi9K8crNQhuo1lqtYB6ksuj2vtpcsTvreCrj68nz0ucrPkoRCuubfto7WoFyje..&_gz=2.191569054.194834875.178924692-860890890.161911899&_bdsid=qis6fj.n~PRCDE.174472087.177686019&_bd_prev_page=https://rr-rallyteam.com/vendor.do?244cqlje33777.html HTTP/1.1" 200 321250 "-" "Mozilla/5.0 (Linux; Android 6.0.1; Nexus 5X Build/MMB29P) AppleWebKit/537.36 (KHTML, like Gecko) Chrome/131.0.6778.139 Mobile Safari/537.36 (compatible; Googlebot/2.1; +http://www.google.com/bot.html)"
69.197.184.234 - - [09/Jan/2025:23:15:02 +0300] "GET /wp-includes/admin.php HTTP/1.1" 499 0 "-" "GuzzleHttp/7"
69.197.184.234 - - [09/Jan/2025:23:15:05 +0300] "GET /wp-includes/admin.php HTTP/1.1" 500 0 "-" "GuzzleHttp/7"
69.197.184.234 - - [09/Jan/2025:23:15:11 +0300] "GET /wp-includes/admin.php HTTP/1.1" 499 0 "-" "GuzzleHttp/7"
69.197.184.234 - - [09/Jan/2025:23:15:16 +0300] "GET /wp-includes/admin.php?id=886237 HTTP/1.1" 499 0 "-" "GuzzleHttp/7"
69.197.184.234 - - [09/Jan/2025:23:15:16 +0300] "GET /wp-includes/admin.php HTTP/1.1" 200 16 "-" "GuzzleHttp/7"
69.197.184.234 - - [09/Jan/2025:23:15:23 +0300] "GET /wp-includes/admin.php HTTP/1.1" 500 0 "-" "GuzzleHttp/7"
69.197.184.234 - - [09/Jan/2025:23:15:30 +0300] "GET /wp-includes/admin.php HTTP/1.1" 500 0 "-" "GuzzleHttp/7"
69.197.184.234 - - [09/Jan/2025:23:15:34 +0300] "GET /wp-includes/admin.php HTTP/1.1" 499 0 "-" "GuzzleHttp/7"
69.197.184.234 - - [09/Jan/2025:23:15:39 +0300] "GET /wp-includes/admin.php HTTP/1.1" 500 0 "-" "GuzzleHttp/7"
69.197.184.234 - - [09/Jan/2025:23:15:44 +0300] "GET /wp-includes/admin.php HTTP/1.1" 499 0 "-" "GuzzleHttp/7"
69.197.184.234 - - [09/Jan/2025:23:15:51 +0300] "GET /wp-includes/admin.php HTTP/1.1" 499 0 "-" "GuzzleHttp/7"
69.197.184.234 - - [09/Jan/2025:23:16:00 +0300] "GET /wp-includes/admin.php HTTP/1.1" 499 0 "-" "GuzzleHttp/7"
69.197.184.234 - - [09/Jan/2025:23:16:18 +0300] "GET /wp-includes/admin.php HTTP/1.1" 499 0 "-" "GuzzleHttp/7"
69.197.184.234 - - [09/Jan/2025:23:16:28 +0300] "GET /wp-includes/admin.php HTTP/1.1" 500 0 "-" "GuzzleHttp/7"
69.197.184.234 - - [09/Jan/2025:23:16:45 +0300] "GET /wp-includes/admin.php HTTP/1.1" 499 0 "-" "GuzzleHttp/7"
69.197.184.234 - - [09/Jan/2025:23:16:51 +0300] "GET /wp-includes/admin.php HTTP/1.1" 499 0 "-" "GuzzleHttp/7"
69.197.184.234 - - [09/Jan/2025:23:17:01 +0300] "GET /wp-includes/admin.php HTTP/1.1" 499 0 "-" "GuzzleHttp/7"
69.197.184.234 - - [09/Jan/2025:23:17:10 +0300] "GET /wp-includes/admin.php HTTP/1.1" 499 0 "-" "GuzzleHttp/7"
69.197.184.234 - - [09/Jan/2025:23:17:13 +0300] "GET /wp-includes/admin.php HTTP/1.1" 499 0 "-" "GuzzleHttp/7"
69.197.184.234 - - [09/Jan/2025:23:17:16 +0300] "GET /wp-includes/admin.php HTTP/1.1" 200 16 "-" "GuzzleHttp/7"
69.197.184.234 - - [09/Jan/2025:23:17:16 +0300] "GET /wp-includes/admin.php?id=867460 HTTP/1.1" 499 0 "-" "GuzzleHttp/7"
69.197.184.234 - - [09/Jan/2025:23:17:19 +0300] "GET /wp-includes/admin.php HTTP/1.1" 200 16 "-" "GuzzleHttp/7"
69.197.184.234 - - [09/Jan/2025:23:17:20 +0300] "GET /wp-includes/admin.php?id=829933 HTTP/1.1" 499 0 "-" "GuzzleHttp/7"
69.197.184.234 - - [09/Jan/2025:23:17:26 +0300] "GET /wp-includes/admin.php HTTP/1.1" 499 0 "-" "GuzzleHttp/7"
69.197.184.234 - - [09/Jan/2025:23:17:32 +0300] "GET /wp-includes/admin.php?id=247110 HTTP/1.1" 200 16 "-" "GuzzleHttp/7"
69.197.184.234 - - [09/Jan/2025:23:17:32 +0300] "GET /wp-includes/admin.php HTTP/1.1" 499 0 "-" "GuzzleHttp/7"
69.197.184.234 - - [09/Jan/2025:23:17:38 +0300] "GET /wp-includes/admin.php HTTP/1.1" 499 0 "-" "GuzzleHttp/7"
69.197.184.234 - - [09/Jan/2025:23:17:44 +0300] "GET /wp-includes/admin.php?id=618390 HTTP/1.1" 500 0 "-" "GuzzleHttp/7"
69.197.184.234 - - [09/Jan/2025:23:17:47 +0300] "GET /wp-includes/admin.php HTTP/1.1" 500 0 "-" "GuzzleHttp/7"
69.197.184.234 - - [09/Jan/2025:23:17:57 +0300] "GET /wp-includes/admin.php HTTP/1.1" 499 0 "-" "GuzzleHttp/7"
69.197.184.234 - - [09/Jan/2025:23:18:04 +0300] "GET /wp-includes/admin.php?id=463399 HTTP/1.1" 499 0 "-" "GuzzleHttp/7"
69.197.184.234 - - [09/Jan/2025:23:18:06 +0300] "GET /wp-includes/admin.php HTTP/1.1" 499 0 "-" "GuzzleHttp/7"
69.197.184.234 - - [09/Jan/2025:23:18:08 +0300] "GET /wp-includes/admin.php?id=463399 HTTP/1.1" 200 16 "-" "GuzzleHttp/7"
69.197.184.234 - - [09/Jan/2025:23:18:12 +0300] "GET /wp-includes/admin.php HTTP/1.1" 499 0 "-" "GuzzleHttp/7"
69.197.184.234 - - [09/Jan/2025:23:18:15 +0300] "GET /wp-includes/admin.php HTTP/1.1" 499 0 "-" "GuzzleHttp/7"
69.197.184.234 - - [09/Jan/2025:23:18:18 +0300] "GET /wp-includes/admin.php HTTP/1.1" 499 0 "-" "GuzzleHttp/7"
69.197.184.234 - - [09/Jan/2025:23:18:26 +0300] "GET /wp-includes/admin.php?id=611702 HTTP/1.1" 499 0 "-" "GuzzleHttp/7"
69.197.184.234 - - [09/Jan/2025:23:18:27 +0300] "GET /wp-includes/admin.php HTTP/1.1" 200 16 "-" "GuzzleHttp/7"
69.197.184.234 - - [09/Jan/2025:23:18:32 +0300] "GET /wp-includes/admin.php HTTP/1.1" 499 0 "-" "GuzzleHttp/7"
69.197.184.234 - - [09/Jan/2025:23:18:32 +0300] "GET /wp-includes/admin.php?id=611702 HTTP/1.1" 200 16 "-" "GuzzleHttp/7"
69.197.184.234 - - [09/Jan/2025:23:18:43 +0300] "GET /wp-includes/admin.php HTTP/1.1" 500 0 "-" "GuzzleHttp/7"
69.197.184.234 - - [09/Jan/2025:23:18:48 +0300] "GET /wp-includes/admin.php HTTP/1.1" 499 0 "-" "GuzzleHttp/7"
69.197.184.234 - - [09/Jan/2025:23:18:54 +0300] "GET /wp-includes/admin.php?id=708293 HTTP/1.1" 499 0 "-" "GuzzleHttp/7"
69.197.184.234 - - [09/Jan/2025:23:18:55 +0300] "GET /wp-includes/admin.php HTTP/1.1" 499 0 "-" "GuzzleHttp/7"
69.197.184.234 - - [09/Jan/2025:23:18:59 +0300] "GET /wp-includes/admin.php?id=29447 HTTP/1.1" 500 0 "-" "GuzzleHttp/7"
69.197.184.234 - - [09/Jan/2025:23:19:12 +0300] "GET /wp-includes/admin.php HTTP/1.1" 499 0 "-" "GuzzleHttp/7"
69.197.184.234 - - [09/Jan/2025:23:19:19 +0300] "GET /wp-includes/admin.php HTTP/1.1" 499 0 "-" "GuzzleHttp/7"
69.197.184.234 - - [09/Jan/2025:23:19:23 +0300] "GET /wp-includes/admin.php?id=531755 HTTP/1.1" 499 0 "-" "GuzzleHttp/7"
69.197.184.234 - - [09/Jan/2025:23:19:46 +0300] "GET /wp-includes/admin.php HTTP/1.1" 499 0 "-" "GuzzleHttp/7"
69.197.184.234 - - [09/Jan/2025:23:19:52 +0300] "GET /wp-includes/admin.php?id=533620 HTTP/1.1" 499 0 "-" "GuzzleHttp/7"
69.197.184.234 - - [09/Jan/2025:23:19:53 +0300] "GET /wp-includes/admin.php HTTP/1.1" 200 16 "-" "GuzzleHttp/7"
66.249.66.44 - - [09/Jan/2025:23:19:56 +0300] "GET /?_ga=2.195494538.1954034997.1720305577-986250734.1699935328&_bdsid=5w2o66.n~DUYQF.1795501843413.1790642401&_bd_prev_page=https://www.rr-rallyteam.com/api.aspx?160rtffs26784.html HTTP/1.1" 200 317726 "-" "Mozilla/5.0 (Linux; Android 6.0.1; Nexus 5X Build/MMB29P) AppleWebKit/537.36 (KHTML, like Gecko) Chrome/131.0.6778.139 Mobile Safari/537.36 (compatible; Googlebot/2.1; +http://www.google.com/bot.html)"
69.197.184.234 - - [09/Jan/2025:23:20:03 +0300] "GET /wp-includes/admin.php HTTP/1.1" 499 0 "-" "GuzzleHttp/7"
66.249.66.43 - - [09/Jan/2025:23:20:28 +0300] "GET /245wyuzd37419.html HTTP/1.1" 200 317773 "-" "Mozilla/5.0 (Linux; Android 6.0.1; Nexus 5X Build/MMB29P) AppleWebKit/537.36 (KHTML, like Gecko) Chrome/131.0.6778.264 Mobile Safari/537.36 (compatible; Googlebot/2.1; +http://www.google.com/bot.html)"
69.197.184.234 - - [09/Jan/2025:23:20:43 +0300] "GET /wp-includes/admin.php HTTP/1.1" 499 0 "-" "GuzzleHttp/7"
69.197.184.234 - - [09/Jan/2025:23:20:55 +0300] "GET /wp-includes/admin.php HTTP/1.1" 499 0 "-" "GuzzleHttp/7"
69.197.184.234 - - [09/Jan/2025:23:21:00 +0300] "GET /wp-includes/admin.php HTTP/1.1" 499 0 "-" "GuzzleHttp/7"
69.197.184.234 - - [09/Jan/2025:23:21:00 +0300] "GET /wp-includes/admin.php?id=851000 HTTP/1.1" 200 16 "-" "GuzzleHttp/7"
69.197.184.234 - - [09/Jan/2025:23:21:07 +0300] "GET /wp-includes/admin.php HTTP/1.1" 499 0 "-" "GuzzleHttp/7"
69.197.184.234 - - [09/Jan/2025:23:21:13 +0300] "GET /wp-includes/admin.php HTTP/1.1" 499 0 "-" "GuzzleHttp/7"
69.197.184.234 - - [09/Jan/2025:23:21:22 +0300] "GET /wp-includes/admin.php HTTP/1.1" 499 0 "-" "GuzzleHttp/7"
69.197.184.234 - - [09/Jan/2025:23:21:26 +0300] "GET /wp-includes/admin.php HTTP/1.1" 499 0 "-" "GuzzleHttp/7"
69.197.184.234 - - [09/Jan/2025:23:21:29 +0300] "GET /wp-includes/admin.php HTTP/1.1" 200 16 "-" "GuzzleHttp/7"
69.197.184.234 - - [09/Jan/2025:23:21:30 +0300] "GET /wp-includes/admin.php?id=473481 HTTP/1.1" 500 0 "-" "GuzzleHttp/7"
69.197.184.234 - - [09/Jan/2025:23:21:53 +0300] "GET /wp-includes/admin.php HTTP/1.1" 499 0 "-" "GuzzleHttp/7"
69.197.184.234 - - [09/Jan/2025:23:21:58 +0300] "GET /wp-includes/admin.php?id=189858 HTTP/1.1" 499 0 "-" "GuzzleHttp/7"
69.197.184.234 - - [09/Jan/2025:23:21:59 +0300] "GET /wp-includes/admin.php HTTP/1.1" 500 0 "-" "GuzzleHttp/7"
69.197.184.234 - - [09/Jan/2025:23:22:04 +0300] "GET /wp-includes/admin.php HTTP/1.1" 499 0 "-" "GuzzleHttp/7"
69.197.184.234 - - [09/Jan/2025:23:22:10 +0300] "GET /wp-includes/admin.php HTTP/1.1" 500 0 "-" "GuzzleHttp/7"
69.197.184.234 - - [09/Jan/2025:23:22:18 +0300] "GET /wp-includes/admin.php HTTP/1.1" 499 0 "-" "GuzzleHttp/7"
69.197.184.234 - - [09/Jan/2025:23:22:24 +0300] "GET /wp-includes/admin.php HTTP/1.1" 499 0 "-" "GuzzleHttp/7"
69.197.184.234 - - [09/Jan/2025:23:22:29 +0300] "GET /wp-includes/admin.php HTTP/1.1" 499 0 "-" "GuzzleHttp/7"
69.197.184.234 - - [09/Jan/2025:23:22:33 +0300] "GET /wp-includes/admin.php HTTP/1.1" 499 0 "-" "GuzzleHttp/7"
69.197.184.234 - - [09/Jan/2025:23:22:37 +0300] "GET /wp-includes/admin.php HTTP/1.1" 499 0 "-" "GuzzleHttp/7"
69.197.184.234 - - [09/Jan/2025:23:22:40 +0300] "GET /wp-includes/admin.php?id=102857 HTTP/1.1" 499 0 "-" "GuzzleHttp/7"
69.197.184.234 - - [09/Jan/2025:23:22:41 +0300] "GET /wp-includes/admin.php?id=303942 HTTP/1.1" 200 16 "-" "GuzzleHttp/7"
69.197.184.234 - - [09/Jan/2025:23:22:47 +0300] "GET /wp-includes/admin.php?id=102857 HTTP/1.1" 200 16 "-" "GuzzleHttp/7"
69.197.184.234 - - [09/Jan/2025:23:22:47 +0300] "GET /wp-includes/admin.php HTTP/1.1" 499 0 "-" "GuzzleHttp/7"
69.197.184.234 - - [09/Jan/2025:23:22:59 +0300] "GET /wp-includes/admin.php HTTP/1.1" 499 0 "-" "GuzzleHttp/7"
69.197.184.234 - - [09/Jan/2025:23:23:08 +0300] "GET /wp-includes/admin.php HTTP/1.1" 499 0 "-" "GuzzleHttp/7"
69.197.184.234 - - [09/Jan/2025:23:23:14 +0300] "GET /wp-includes/admin.php HTTP/1.1" 499 0 "-" "GuzzleHttp/7"
69.197.184.234 - - [09/Jan/2025:23:23:14 +0300] "GET /wp-includes/admin.php?id=672824 HTTP/1.1" 200 16 "-" "GuzzleHttp/7"
69.197.184.234 - - [09/Jan/2025:23:23:21 +0300] "GET /wp-includes/admin.php?id=425113 HTTP/1.1" 499 0 "-" "GuzzleHttp/7"
69.197.184.234 - - [09/Jan/2025:23:23:29 +0300] "GET /wp-includes/admin.php HTTP/1.1" 499 0 "-" "GuzzleHttp/7"
69.197.184.234 - - [09/Jan/2025:23:23:39 +0300] "GET /wp-includes/admin.php HTTP/1.1" 499 0 "-" "GuzzleHttp/7"
69.197.184.234 - - [09/Jan/2025:23:23:43 +0300] "GET /wp-includes/admin.php?id=582226 HTTP/1.1" 499 0 "-" "GuzzleHttp/7"
69.197.184.234 - - [09/Jan/2025:23:23:44 +0300] "GET /wp-includes/admin.php HTTP/1.1" 500 0 "-" "GuzzleHttp/7"
69.197.184.234 - - [09/Jan/2025:23:23:52 +0300] "GET /wp-includes/admin.php HTTP/1.1" 499 0 "-" "GuzzleHttp/7"
66.249.66.162 - - [09/Jan/2025:23:23:53 +0300] "GET /?_gl=1*bvg2w1v*_ga*cYBHiwULbPPTakybhFSyeGjgoTmM*_ga_TLNPGFDWK*qI3MJ8hKeMOMZACb9nCbwfuoUBoqX0pcnCCom1LERtOAU7JvWs2Rne3.*_gcl_au=1.1.197463672.179270806*_gcl_aw=RQF.172469427.Pe6FV9UCfPfUYWnDKmr1nqr9y2rjvi9K8crNQhuo1lqtYB6ksuj2vtpcsTvreCrj68nz0ucrPkoRCuubfto7WoFyje..&_gz=2.191569054.194834875.178924692-860890890.161911899&_bdsid=qis6fj.n~PRCDE.174472087.177686019&_bd_prev_page=https://rr-rallyteam.com/vendor.do?295latty27943.html HTTP/1.1" 200 324707 "-" "Mozilla/5.0 (Linux; Android 6.0.1; Nexus 5X Build/MMB29P) AppleWebKit/537.36 (KHTML, like Gecko) Chrome/131.0.6778.139 Mobile Safari/537.36 (compatible; Googlebot/2.1; +http://www.google.com/bot.html)"
69.197.184.234 - - [09/Jan/2025:23:23:57 +0300] "GET /wp-includes/admin.php?id=322792 HTTP/1.1" 499 0 "-" "GuzzleHttp/7"
69.197.184.234 - - [09/Jan/2025:23:24:03 +0300] "GET /wp-includes/admin.php?id=322792 HTTP/1.1" 500 0 "-" "GuzzleHttp/7"
69.197.184.234 - - [09/Jan/2025:23:24:13 +0300] "GET /wp-includes/admin.php HTTP/1.1" 499 0 "-" "GuzzleHttp/7"
69.197.184.234 - - [09/Jan/2025:23:24:17 +0300] "GET /wp-includes/admin.php?id=198046 HTTP/1.1" 499 0 "-" "GuzzleHttp/7"
69.197.184.234 - - [09/Jan/2025:23:24:19 +0300] "GET /wp-includes/admin.php HTTP/1.1" 200 16 "-" "GuzzleHttp/7"
69.197.184.234 - - [09/Jan/2025:23:24:24 +0300] "GET /wp-includes/admin.php?id=198046 HTTP/1.1" 499 0 "-" "GuzzleHttp/7"
69.197.184.234 - - [09/Jan/2025:23:24:25 +0300] "GET /wp-includes/admin.php HTTP/1.1" 499 0 "-" "GuzzleHttp/7"
69.197.184.234 - - [09/Jan/2025:23:24:31 +0300] "GET /wp-includes/admin.php?id=218993 HTTP/1.1" 200 16 "-" "GuzzleHttp/7"
69.197.184.234 - - [09/Jan/2025:23:24:31 +0300] "GET /wp-includes/admin.php HTTP/1.1" 499 0 "-" "GuzzleHttp/7"
69.197.184.234 - - [09/Jan/2025:23:24:38 +0300] "GET /wp-includes/admin.php?id=247691 HTTP/1.1" 499 0 "-" "GuzzleHttp/7"
69.197.184.234 - - [09/Jan/2025:23:24:39 +0300] "GET /wp-includes/admin.php HTTP/1.1" 200 16 "-" "GuzzleHttp/7"
69.197.184.234 - - [09/Jan/2025:23:24:44 +0300] "GET /wp-includes/admin.php?id=247691 HTTP/1.1" 499 0 "-" "GuzzleHttp/7"
69.197.184.234 - - [09/Jan/2025:23:24:49 +0300] "GET /wp-includes/admin.php?id=247691 HTTP/1.1" 500 0 "-" "GuzzleHttp/7"
69.197.184.234 - - [09/Jan/2025:23:24:50 +0300] "GET /wp-includes/admin.php HTTP/1.1" 499 0 "-" "GuzzleHttp/7"
66.249.66.161 - - [09/Jan/2025:23:24:50 +0300] "GET /?_gl=1*bvg2w1v*_ga*cYBHiwULbPPTakybhFSyeGjgoTmM*_ga_TLNPGFDWK*qI3MJ8hKeMOMZACb9nCbwfuoUBoqX0pcnCCom1LERtOAU7JvWs2Rne3.*_gcl_au=1.1.197463672.179270806*_gcl_aw=RQF.172469427.Pe6FV9UCfPfUYWnDKmr1nqr9y2rjvi9K8crNQhuo1lqtYB6ksuj2vtpcsTvreCrj68nz0ucrPkoRCuubfto7WoFyje..&_gz=2.191569054.194834875.178924692-860890890.161911899&_bdsid=qis6fj.n~PRCDE.174472087.177686019&_bd_prev_page=https://rr-rallyteam.com/vendor.do?68vmttn44949.html HTTP/1.1" 200 329826 "-" "Mozilla/5.0 (Linux; Android 6.0.1; Nexus 5X Build/MMB29P) AppleWebKit/537.36 (KHTML, like Gecko) Chrome/131.0.6778.264 Mobile Safari/537.36 (compatible; Googlebot/2.1; +http://www.google.com/bot.html)"
69.197.184.234 - - [09/Jan/2025:23:24:53 +0300] "GET /wp-includes/admin.php HTTP/1.1" 499 0 "-" "GuzzleHttp/7"
69.197.184.234 - - [09/Jan/2025:23:24:56 +0300] "GET /wp-includes/admin.php?id=18179 HTTP/1.1" 499 0 "-" "GuzzleHttp/7"
66.249.66.44 - - [09/Jan/2025:23:24:57 +0300] "GET /?_ga=2.195494538.1954034997.1720305577-986250734.1699935328&_bdsid=5w2o66.n~DUYQF.1795501843413.1790642401&_bd_prev_page=https://www.rr-rallyteam.com/api.aspx?243rbgto16884.html HTTP/1.1" 200 317944 "-" "Mozilla/5.0 (Linux; Android 6.0.1; Nexus 5X Build/MMB29P) AppleWebKit/537.36 (KHTML, like Gecko) Chrome/131.0.6778.139 Mobile Safari/537.36 (compatible; Googlebot/2.1; +http://www.google.com/bot.html)"
69.197.184.234 - - [09/Jan/2025:23:24:58 +0300] "GET /wp-includes/admin.php HTTP/1.1" 499 0 "-" "GuzzleHttp/7"
66.249.66.45 - - [09/Jan/2025:23:25:02 +0300] "GET /182zuryd18966.html HTTP/1.1" 200 326004 "-" "Mozilla/5.0 (Linux; Android 6.0.1; Nexus 5X Build/MMB29P) AppleWebKit/537.36 (KHTML, like Gecko) Chrome/131.0.6778.139 Mobile Safari/537.36 (compatible; Googlebot/2.1; +http://www.google.com/bot.html)"
69.197.184.234 - - [09/Jan/2025:23:25:04 +0300] "GET /wp-includes/admin.php HTTP/1.1" 200 16 "-" "GuzzleHttp/7"
69.197.184.234 - - [09/Jan/2025:23:25:04 +0300] "GET /wp-includes/admin.php?id=541557 HTTP/1.1" 499 0 "-" "GuzzleHttp/7"
66.249.66.161 - - [09/Jan/2025:23:25:04 +0300] "GET /?_gl=1*bvg2w1v*_ga*cYBHiwULbPPTakybhFSyeGjgoTmM*_ga_TLNPGFDWK*qI3MJ8hKeMOMZACb9nCbwfuoUBoqX0pcnCCom1LERtOAU7JvWs2Rne3.*_gcl_au=1.1.197463672.179270806*_gcl_aw=RQF.172469427.Pe6FV9UCfPfUYWnDKmr1nqr9y2rjvi9K8crNQhuo1lqtYB6ksuj2vtpcsTvreCrj68nz0ucrPkoRCuubfto7WoFyje..&_gz=2.191569054.194834875.178924692-860890890.161911899&_bdsid=qis6fj.n~PRCDE.174472087.177686019&_bd_prev_page=https://rr-rallyteam.com/vendor.do?68clfjv45065.html HTTP/1.1" 200 317521 "-" "Mozilla/5.0 (Linux; Android 6.0.1; Nexus 5X Build/MMB29P) AppleWebKit/537.36 (KHTML, like Gecko) Chrome/131.0.6778.264 Mobile Safari/537.36 (compatible; Googlebot/2.1; +http://www.google.com/bot.html)"
69.197.184.234 - - [09/Jan/2025:23:25:08 +0300] "GET /wp-includes/admin.php HTTP/1.1" 200 16 "-" "GuzzleHttp/7"
69.197.184.234 - - [09/Jan/2025:23:25:08 +0300] "GET /wp-includes/admin.php?id=541557 HTTP/1.1" 499 0 "-" "GuzzleHttp/7"
69.197.184.234 - - [09/Jan/2025:23:25:15 +0300] "GET /wp-includes/admin.php HTTP/1.1" 499 0 "-" "GuzzleHttp/7"
69.197.184.234 - - [09/Jan/2025:23:25:18 +0300] "GET /wp-includes/admin.php HTTP/1.1" 499 0 "-" "GuzzleHttp/7"
69.197.184.234 - - [09/Jan/2025:23:25:21 +0300] "GET /wp-includes/admin.php HTTP/1.1" 499 0 "-" "GuzzleHttp/7"
69.197.184.234 - - [09/Jan/2025:23:25:22 +0300] "GET /wp-includes/admin.php?id=445528 HTTP/1.1" 499 0 "-" "GuzzleHttp/7"
69.197.184.234 - - [09/Jan/2025:23:25:27 +0300] "GET /wp-includes/admin.php HTTP/1.1" 499 0 "-" "GuzzleHttp/7"
69.197.184.234 - - [09/Jan/2025:23:25:28 +0300] "GET /wp-includes/admin.php?id=553860 HTTP/1.1" 200 16 "-" "GuzzleHttp/7"
69.197.184.234 - - [09/Jan/2025:23:25:31 +0300] "GET /wp-includes/admin.php HTTP/1.1" 499 0 "-" "GuzzleHttp/7"
69.197.184.234 - - [09/Jan/2025:23:25:34 +0300] "GET /wp-includes/admin.php?id=694570 HTTP/1.1" 499 0 "-" "GuzzleHttp/7"
69.197.184.234 - - [09/Jan/2025:23:25:38 +0300] "GET /wp-includes/admin.php?id=694570 HTTP/1.1" 499 0 "-" "GuzzleHttp/7"
69.197.184.234 - - [09/Jan/2025:23:25:45 +0300] "GET /wp-includes/admin.php HTTP/1.1" 499 0 "-" "GuzzleHttp/7"
69.197.184.234 - - [09/Jan/2025:23:25:48 +0300] "GET /wp-includes/admin.php HTTP/1.1" 500 0 "-" "GuzzleHttp/7"
69.197.184.234 - - [09/Jan/2025:23:25:52 +0300] "GET /wp-includes/admin.php?id=729365 HTTP/1.1" 499 0 "-" "GuzzleHttp/7"
69.197.184.234 - - [09/Jan/2025:23:25:55 +0300] "GET /wp-includes/admin.php HTTP/1.1" 499 0 "-" "GuzzleHttp/7"
69.197.184.234 - - [09/Jan/2025:23:26:00 +0300] "GET /wp-includes/admin.php?id=70692 HTTP/1.1" 499 0 "-" "GuzzleHttp/7"
69.197.184.234 - - [09/Jan/2025:23:26:02 +0300] "GET /wp-includes/admin.php HTTP/1.1" 499 0 "-" "GuzzleHttp/7"
66.249.79.102 - - [09/Jan/2025:23:26:04 +0300] "GET /?_gl=1*bvg2w1v*_ga*cYBHiwULbPPTakybhFSyeGjgoTmM*_ga_TLNPGFDWK*qI3MJ8hKeMOMZACb9nCbwfuoUBoqX0pcnCCom1LERtOAU7JvWs2Rne3.*_gcl_au=1.1.197463672.179270806*_gcl_aw=RQF.172469427.Pe6FV9UCfPfUYWnDKmr1nqr9y2rjvi9K8crNQhuo1lqtYB6ksuj2vtpcsTvreCrj68nz0ucrPkoRCuubfto7WoFyje..&_gz=2.191569054.194834875.178924692-860890890.161911899&_bdsid=qis6fj.n~PRCDE.174472087.177686019&_bd_prev_page=https://rr-rallyteam.com/vendor.do?217qakfx50684.html HTTP/1.1" 200 325614 "-" "Mozilla/5.0 (Linux; Android 6.0.1; Nexus 5X Build/MMB29P) AppleWebKit/537.36 (KHTML, like Gecko) Chrome/131.0.6778.264 Mobile Safari/537.36 (compatible; Googlebot/2.1; +http://www.google.com/bot.html)"
69.197.184.234 - - [09/Jan/2025:23:26:09 +0300] "GET /wp-includes/admin.php HTTP/1.1" 200 16 "-" "GuzzleHttp/7"
69.197.184.234 - - [09/Jan/2025:23:26:09 +0300] "GET /wp-includes/admin.php?id=298339 HTTP/1.1" 500 0 "-" "GuzzleHttp/7"
69.197.184.234 - - [09/Jan/2025:23:26:13 +0300] "GET /wp-includes/admin.php HTTP/1.1" 499 0 "-" "GuzzleHttp/7"
69.197.184.234 - - [09/Jan/2025:23:26:19 +0300] "GET /wp-includes/admin.php HTTP/1.1" 499 0 "-" "GuzzleHttp/7"
69.197.184.234 - - [09/Jan/2025:23:26:23 +0300] "GET /wp-includes/admin.php HTTP/1.1" 499 0 "-" "GuzzleHttp/7"
69.197.184.234 - - [09/Jan/2025:23:26:24 +0300] "GET /wp-includes/admin.php?id=378545 HTTP/1.1" 499 0 "-" "GuzzleHttp/7"
66.249.66.161 - - [09/Jan/2025:23:26:27 +0300] "GET /?_gl=1*bvg2w1v*_ga*cYBHiwULbPPTakybhFSyeGjgoTmM*_ga_TLNPGFDWK*qI3MJ8hKeMOMZACb9nCbwfuoUBoqX0pcnCCom1LERtOAU7JvWs2Rne3.*_gcl_au=1.1.197463672.179270806*_gcl_aw=RQF.172469427.Pe6FV9UCfPfUYWnDKmr1nqr9y2rjvi9K8crNQhuo1lqtYB6ksuj2vtpcsTvreCrj68nz0ucrPkoRCuubfto7WoFyje..&_gz=2.191569054.194834875.178924692-860890890.161911899&_bdsid=qis6fj.n~PRCDE.174472087.177686019&_bd_prev_page=https://rr-rallyteam.com/vendor.do?68tjxmn45031.html HTTP/1.1" 200 312967 "-" "Mozilla/5.0 (Linux; Android 6.0.1; Nexus 5X Build/MMB29P) AppleWebKit/537.36 (KHTML, like Gecko) Chrome/131.0.6778.264 Mobile Safari/537.36 (compatible; Googlebot/2.1; +http://www.google.com/bot.html)"
69.197.184.234 - - [09/Jan/2025:23:26:33 +0300] "GET /wp-includes/admin.php HTTP/1.1" 500 0 "-" "GuzzleHttp/7"
69.197.184.234 - - [09/Jan/2025:23:26:54 +0300] "GET /wp-includes/admin.php HTTP/1.1" 499 0 "-" "GuzzleHttp/7"
69.197.184.234 - - [09/Jan/2025:23:26:57 +0300] "GET /wp-includes/admin.php?id=141923 HTTP/1.1" 200 16 "-" "GuzzleHttp/7"
69.197.184.234 - - [09/Jan/2025:23:26:57 +0300] "GET /wp-includes/admin.php HTTP/1.1" 499 0 "-" "GuzzleHttp/7"
69.197.184.234 - - [09/Jan/2025:23:27:04 +0300] "GET /wp-includes/admin.php HTTP/1.1" 499 0 "-" "GuzzleHttp/7"
69.197.184.234 - - [09/Jan/2025:23:27:04 +0300] "GET /wp-includes/admin.php?id=756488 HTTP/1.1" 499 0 "-" "GuzzleHttp/7"
66.249.66.161 - - [09/Jan/2025:23:27:07 +0300] "GET /8iedmn2708.html HTTP/1.1" 200 317537 "-" "Mozilla/5.0 (Linux; Android 6.0.1; Nexus 5X Build/MMB29P) AppleWebKit/537.36 (KHTML, like Gecko) Chrome/131.0.6778.139 Mobile Safari/537.36 (compatible; Googlebot/2.1; +http://www.google.com/bot.html)"
69.197.184.234 - - [09/Jan/2025:23:27:27 +0300] "GET /wp-includes/admin.php HTTP/1.1" 499 0 "-" "GuzzleHttp/7"
69.197.184.234 - - [09/Jan/2025:23:27:32 +0300] "GET /wp-includes/admin.php?id=221515 HTTP/1.1" 499 0 "-" "GuzzleHttp/7"
69.197.184.234 - - [09/Jan/2025:23:27:37 +0300] "GET /wp-includes/admin.php HTTP/1.1" 499 0 "-" "GuzzleHttp/7"
69.197.184.234 - - [09/Jan/2025:23:27:38 +0300] "GET /wp-includes/admin.php?id=221515 HTTP/1.1" 200 16 "-" "GuzzleHttp/7"
69.197.184.234 - - [09/Jan/2025:23:27:42 +0300] "GET /wp-includes/admin.php HTTP/1.1" 499 0 "-" "GuzzleHttp/7"
69.197.184.234 - - [09/Jan/2025:23:27:49 +0300] "GET /wp-includes/admin.php?id=602851 HTTP/1.1" 499 0 "-" "GuzzleHttp/7"
69.197.184.234 - - [09/Jan/2025:23:27:54 +0300] "GET /wp-includes/admin.php HTTP/1.1" 500 0 "-" "GuzzleHttp/7"
69.197.184.234 - - [09/Jan/2025:23:27:56 +0300] "GET /wp-includes/admin.php?id=602851 HTTP/1.1" 499 0 "-" "GuzzleHttp/7"
69.197.184.234 - - [09/Jan/2025:23:28:01 +0300] "GET /wp-includes/admin.php?id=602851 HTTP/1.1" 499 0 "-" "GuzzleHttp/7"
69.197.184.234 - - [09/Jan/2025:23:28:04 +0300] "GET /wp-includes/admin.php HTTP/1.1" 200 16 "-" "GuzzleHttp/7"
69.197.184.234 - - [09/Jan/2025:23:28:05 +0300] "GET /wp-includes/admin.php?id=602851 HTTP/1.1" 499 0 "-" "GuzzleHttp/7"
69.197.184.234 - - [09/Jan/2025:23:28:11 +0300] "GET /wp-includes/admin.php HTTP/1.1" 499 0 "-" "GuzzleHttp/7"
69.197.184.234 - - [09/Jan/2025:23:28:17 +0300] "GET /wp-includes/admin.php HTTP/1.1" 499 0 "-" "GuzzleHttp/7"
69.197.184.234 - - [09/Jan/2025:23:28:23 +0300] "GET /wp-includes/admin.php HTTP/1.1" 499 0 "-" "GuzzleHttp/7"
69.197.184.234 - - [09/Jan/2025:23:28:30 +0300] "GET /wp-includes/admin.php?id=346873 HTTP/1.1" 499 0 "-" "GuzzleHttp/7"
69.197.184.234 - - [09/Jan/2025:23:28:33 +0300] "GET /wp-includes/admin.php HTTP/1.1" 499 0 "-" "GuzzleHttp/7"
69.197.184.234 - - [09/Jan/2025:23:28:33 +0300] "GET /wp-includes/admin.php?id=346873 HTTP/1.1" 200 16 "-" "GuzzleHttp/7"
69.197.184.234 - - [09/Jan/2025:23:28:37 +0300] "GET /wp-includes/admin.php HTTP/1.1" 200 16 "-" "GuzzleHttp/7"
69.197.184.234 - - [09/Jan/2025:23:28:38 +0300] "GET /wp-includes/admin.php?id=22987 HTTP/1.1" 499 0 "-" "GuzzleHttp/7"
69.197.184.234 - - [09/Jan/2025:23:28:42 +0300] "GET /wp-includes/admin.php HTTP/1.1" 499 0 "-" "GuzzleHttp/7"
69.197.184.234 - - [09/Jan/2025:23:28:49 +0300] "GET /wp-includes/admin.php?id=342422 HTTP/1.1" 499 0 "-" "GuzzleHttp/7"
69.197.184.234 - - [09/Jan/2025:23:28:52 +0300] "GET /wp-includes/admin.php HTTP/1.1" 499 0 "-" "GuzzleHttp/7"
69.197.184.234 - - [09/Jan/2025:23:28:55 +0300] "GET /wp-includes/admin.php HTTP/1.1" 499 0 "-" "GuzzleHttp/7"
69.197.184.234 - - [09/Jan/2025:23:29:02 +0300] "GET /wp-includes/admin.php?id=706654 HTTP/1.1" 200 16 "-" "GuzzleHttp/7"
69.197.184.234 - - [09/Jan/2025:23:29:02 +0300] "GET /wp-includes/admin.php HTTP/1.1" 499 0 "-" "GuzzleHttp/7"
69.197.184.234 - - [09/Jan/2025:23:29:09 +0300] "GET /wp-includes/admin.php HTTP/1.1" 499 0 "-" "GuzzleHttp/7"
66.249.66.45 - - [09/Jan/2025:23:29:09 +0300] "GET /258qfjug12711.html HTTP/1.1" 200 313069 "-" "Mozilla/5.0 (Linux; Android 6.0.1; Nexus 5X Build/MMB29P) AppleWebKit/537.36 (KHTML, like Gecko) Chrome/131.0.6778.139 Mobile Safari/537.36 (compatible; Googlebot/2.1; +http://www.google.com/bot.html)"
69.197.184.234 - - [09/Jan/2025:23:29:27 +0300] "GET /wp-includes/admin.php HTTP/1.1" 500 0 "-" "GuzzleHttp/7"
69.197.184.234 - - [09/Jan/2025:23:29:31 +0300] "GET /wp-includes/admin.php HTTP/1.1" 499 0 "-" "GuzzleHttp/7"
69.197.184.234 - - [09/Jan/2025:23:29:41 +0300] "GET /wp-includes/admin.php HTTP/1.1" 499 0 "-" "GuzzleHttp/7"
69.197.184.234 - - [09/Jan/2025:23:29:47 +0300] "GET /wp-includes/admin.php?id=627778 HTTP/1.1" 499 0 "-" "GuzzleHttp/7"
147.93.128.101 - - [09/Jan/2025:23:29:47 +0300] "GET /file.php HTTP/1.1" 403 0 "-" "Mozlila/5.0 (Linux; Android 7.0; SM-G892A Bulid/NRD90M; wv) AppleWebKit/537.36 (KHTML, like Gecko) Version/4.0 Chrome/60.0.3112.107 Moblie Safari/537.36"
147.93.128.101 - - [09/Jan/2025:23:29:48 +0300] "GET /chosen.php?p= HTTP/1.1" 403 0 "-" "Mozlila/5.0 (Linux; Android 7.0; SM-G892A Bulid/NRD90M; wv) AppleWebKit/537.36 (KHTML, like Gecko) Version/4.0 Chrome/60.0.3112.107 Moblie Safari/537.36"
147.93.128.101 - - [09/Jan/2025:23:29:49 +0300] "GET /autoload_classmap.php HTTP/1.1" 403 0 "-" "Mozlila/5.0 (Linux; Android 7.0; SM-G892A Bulid/NRD90M; wv) AppleWebKit/537.36 (KHTML, like Gecko) Version/4.0 Chrome/60.0.3112.107 Moblie Safari/537.36"
147.93.128.101 - - [09/Jan/2025:23:29:50 +0300] "GET /go.php HTTP/1.1" 403 0 "-" "Mozlila/5.0 (Linux; Android 7.0; SM-G892A Bulid/NRD90M; wv) AppleWebKit/537.36 (KHTML, like Gecko) Version/4.0 Chrome/60.0.3112.107 Moblie Safari/537.36"
147.93.128.101 - - [09/Jan/2025:23:29:51 +0300] "GET /admin HTTP/1.1" 200 0 "-" "Mozlila/5.0 (Linux; Android 7.0; SM-G892A Bulid/NRD90M; wv) AppleWebKit/537.36 (KHTML, like Gecko) Version/4.0 Chrome/60.0.3112.107 Moblie Safari/537.36"
69.197.184.234 - - [09/Jan/2025:23:29:56 +0300] "GET /wp-includes/admin.php HTTP/1.1" 499 0 "-" "GuzzleHttp/7"
69.197.184.234 - - [09/Jan/2025:23:30:01 +0300] "GET /wp-includes/admin.php?id=30767 HTTP/1.1" 499 0 "-" "GuzzleHttp/7"
69.197.184.234 - - [09/Jan/2025:23:30:01 +0300] "GET /wp-includes/admin.php HTTP/1.1" 200 16 "-" "GuzzleHttp/7"
66.249.66.44 - - [09/Jan/2025:23:30:14 +0300] "GET /?_ga=2.195494538.1954034997.1720305577-986250734.1699935328&_bdsid=5w2o66.n~DUYQF.1795501843413.1790642401&_bd_prev_page=https://www.rr-rallyteam.com/api.aspx?41nxmfl3640.html HTTP/1.1" 200 320706 "-" "Mozilla/5.0 (Linux; Android 6.0.1; Nexus 5X Build/MMB29P) AppleWebKit/537.36 (KHTML, like Gecko) Chrome/131.0.6778.264 Mobile Safari/537.36 (compatible; Googlebot/2.1; +http://www.google.com/bot.html)"
66.249.66.161 - - [09/Jan/2025:23:30:29 +0300] "GET /?_gl=1*bvg2w1v*_ga*cYBHiwULbPPTakybhFSyeGjgoTmM*_ga_TLNPGFDWK*qI3MJ8hKeMOMZACb9nCbwfuoUBoqX0pcnCCom1LERtOAU7JvWs2Rne3.*_gcl_au=1.1.197463672.179270806*_gcl_aw=RQF.172469427.Pe6FV9UCfPfUYWnDKmr1nqr9y2rjvi9K8crNQhuo1lqtYB6ksuj2vtpcsTvreCrj68nz0ucrPkoRCuubfto7WoFyje..&_gz=2.191569054.194834875.178924692-860890890.161911899&_bdsid=qis6fj.n~PRCDE.174472087.177686019&_bd_prev_page=https://rr-rallyteam.com/vendor.do?21akgju58.html HTTP/1.1" 200 327062 "-" "Mozilla/5.0 (Linux; Android 6.0.1; Nexus 5X Build/MMB29P) AppleWebKit/537.36 (KHTML, like Gecko) Chrome/131.0.6778.264 Mobile Safari/537.36 (compatible; Googlebot/2.1; +http://www.google.com/bot.html)"
69.197.184.234 - - [09/Jan/2025:23:30:29 +0300] "GET /wp-includes/admin.php HTTP/1.1" 499 0 "-" "GuzzleHttp/7"
69.197.184.234 - - [09/Jan/2025:23:30:43 +0300] "GET /wp-includes/admin.php HTTP/1.1" 499 0 "-" "GuzzleHttp/7"
69.197.184.234 - - [09/Jan/2025:23:30:46 +0300] "GET /wp-includes/admin.php HTTP/1.1" 500 0 "-" "GuzzleHttp/7"
69.197.184.234 - - [09/Jan/2025:23:30:48 +0300] "GET /wp-includes/admin.php?id=931768 HTTP/1.1" 499 0 "-" "GuzzleHttp/7"
69.197.184.234 - - [09/Jan/2025:23:30:54 +0300] "GET /wp-includes/admin.php HTTP/1.1" 500 0 "-" "GuzzleHttp/7"
69.197.184.234 - - [09/Jan/2025:23:30:55 +0300] "GET /wp-includes/admin.php?id=931768 HTTP/1.1" 499 0 "-" "GuzzleHttp/7"
69.197.184.234 - - [09/Jan/2025:23:31:04 +0300] "GET /wp-includes/admin.php HTTP/1.1" 500 0 "-" "GuzzleHttp/7"
69.197.184.234 - - [09/Jan/2025:23:31:20 +0300] "GET /wp-includes/admin.php HTTP/1.1" 500 0 "-" "GuzzleHttp/7"
69.197.184.234 - - [09/Jan/2025:23:31:27 +0300] "GET /wp-includes/admin.php HTTP/1.1" 499 0 "-" "GuzzleHttp/7"
69.197.184.234 - - [09/Jan/2025:23:31:31 +0300] "GET /wp-includes/admin.php HTTP/1.1" 499 0 "-" "GuzzleHttp/7"
69.197.184.234 - - [09/Jan/2025:23:31:34 +0300] "GET /wp-includes/admin.php?id=909599 HTTP/1.1" 499 0 "-" "GuzzleHttp/7"
69.197.184.234 - - [09/Jan/2025:23:31:35 +0300] "GET /wp-includes/admin.php?id=825902 HTTP/1.1" 200 16 "-" "GuzzleHttp/7"
69.197.184.234 - - [09/Jan/2025:23:31:36 +0300] "GET /wp-includes/admin.php HTTP/1.1" 200 16 "-" "GuzzleHttp/7"
69.197.184.234 - - [09/Jan/2025:23:31:40 +0300] "GET /wp-includes/admin.php?id=909599 HTTP/1.1" 499 0 "-" "GuzzleHttp/7"
69.197.184.234 - - [09/Jan/2025:23:31:43 +0300] "GET /wp-includes/admin.php HTTP/1.1" 499 0 "-" "GuzzleHttp/7"
69.197.184.234 - - [09/Jan/2025:23:31:49 +0300] "GET /wp-includes/admin.php?id=999198 HTTP/1.1" 499 0 "-" "GuzzleHttp/7"
69.197.184.234 - - [09/Jan/2025:23:32:01 +0300] "GET /wp-includes/admin.php HTTP/1.1" 500 0 "-" "GuzzleHttp/7"
69.197.184.234 - - [09/Jan/2025:23:32:08 +0300] "GET /wp-includes/admin.php HTTP/1.1" 499 0 "-" "GuzzleHttp/7"
69.197.184.234 - - [09/Jan/2025:23:32:14 +0300] "GET /wp-includes/admin.php HTTP/1.1" 499 0 "-" "GuzzleHttp/7"
69.197.184.234 - - [09/Jan/2025:23:32:21 +0300] "GET /wp-includes/admin.php?id=756016 HTTP/1.1" 499 0 "-" "GuzzleHttp/7"
69.197.184.234 - - [09/Jan/2025:23:32:22 +0300] "GET /wp-includes/admin.php HTTP/1.1" 200 16 "-" "GuzzleHttp/7"
69.197.184.234 - - [09/Jan/2025:23:32:27 +0300] "GET /wp-includes/admin.php HTTP/1.1" 500 0 "-" "GuzzleHttp/7"
69.197.184.234 - - [09/Jan/2025:23:32:28 +0300] "GET /wp-includes/admin.php?id=756016 HTTP/1.1" 499 0 "-" "GuzzleHttp/7"
69.197.184.234 - - [09/Jan/2025:23:32:30 +0300] "GET /wp-includes/admin.php HTTP/1.1" 500 0 "-" "GuzzleHttp/7"
69.197.184.234 - - [09/Jan/2025:23:32:39 +0300] "GET /wp-includes/admin.php HTTP/1.1" 499 0 "-" "GuzzleHttp/7"
69.197.184.234 - - [09/Jan/2025:23:32:44 +0300] "GET /wp-includes/admin.php?id=490668 HTTP/1.1" 200 16 "-" "GuzzleHttp/7"
69.197.184.234 - - [09/Jan/2025:23:32:44 +0300] "GET /wp-includes/admin.php HTTP/1.1" 499 0 "-" "GuzzleHttp/7"
69.197.184.234 - - [09/Jan/2025:23:32:50 +0300] "GET /wp-includes/admin.php?id=893702 HTTP/1.1" 499 0 "-" "GuzzleHttp/7"
69.197.184.234 - - [09/Jan/2025:23:32:57 +0300] "GET /wp-includes/admin.php HTTP/1.1" 499 0 "-" "GuzzleHttp/7"
69.197.184.234 - - [09/Jan/2025:23:33:04 +0300] "GET /wp-includes/admin.php HTTP/1.1" 499 0 "-" "GuzzleHttp/7"
69.197.184.234 - - [09/Jan/2025:23:33:04 +0300] "GET /wp-includes/admin.php?id=885241 HTTP/1.1" 499 0 "-" "GuzzleHttp/7"
69.197.184.234 - - [09/Jan/2025:23:33:10 +0300] "GET /wp-includes/admin.php?id=885241 HTTP/1.1" 499 0 "-" "GuzzleHttp/7"
69.197.184.234 - - [09/Jan/2025:23:33:11 +0300] "GET /wp-includes/admin.php HTTP/1.1" 499 0 "-" "GuzzleHttp/7"
66.249.66.43 - - [09/Jan/2025:23:33:11 +0300] "GET /?_ga=2.195494538.1954034997.1720305577-986250734.1699935328&_bdsid=5w2o66.n~DUYQF.1795501843413.1790642401&_bd_prev_page=https://www.rr-rallyteam.com/api.aspx?121znxkh19055.html HTTP/1.1" 200 318984 "-" "Mozilla/5.0 (Linux; Android 6.0.1; Nexus 5X Build/MMB29P) AppleWebKit/537.36 (KHTML, like Gecko) Chrome/131.0.6778.139 Mobile Safari/537.36 (compatible; Googlebot/2.1; +http://www.google.com/bot.html)"
69.197.184.234 - - [09/Jan/2025:23:33:14 +0300] "GET /wp-includes/admin.php HTTP/1.1" 499 0 "-" "GuzzleHttp/7"
69.197.184.234 - - [09/Jan/2025:23:33:16 +0300] "GET /wp-includes/admin.php?id=281641 HTTP/1.1" 499 0 "-" "GuzzleHttp/7"
69.197.184.234 - - [09/Jan/2025:23:33:18 +0300] "GET /wp-includes/admin.php?id=736295 HTTP/1.1" 200 16 "-" "GuzzleHttp/7"
69.197.184.234 - - [09/Jan/2025:23:33:20 +0300] "GET /wp-includes/admin.php HTTP/1.1" 499 0 "-" "GuzzleHttp/7"
66.249.66.43 - - [09/Jan/2025:23:33:25 +0300] "GET /13uyaze39127.html HTTP/1.1" 200 330140 "-" "Mozilla/5.0 (Linux; Android 6.0.1; Nexus 5X Build/MMB29P) AppleWebKit/537.36 (KHTML, like Gecko) Chrome/131.0.6778.139 Mobile Safari/537.36 (compatible; Googlebot/2.1; +http://www.google.com/bot.html)"
69.197.184.234 - - [09/Jan/2025:23:33:26 +0300] "GET /wp-includes/admin.php?id=295430 HTTP/1.1" 200 16 "-" "GuzzleHttp/7"
69.197.184.234 - - [09/Jan/2025:23:33:27 +0300] "GET /wp-includes/admin.php HTTP/1.1" 499 0 "-" "GuzzleHttp/7"
69.197.184.234 - - [09/Jan/2025:23:33:32 +0300] "GET /wp-includes/admin.php HTTP/1.1" 499 0 "-" "GuzzleHttp/7"
69.197.184.234 - - [09/Jan/2025:23:33:33 +0300] "GET /wp-includes/admin.php?id=900866 HTTP/1.1" 499 0 "-" "GuzzleHttp/7"
69.197.184.234 - - [09/Jan/2025:23:33:37 +0300] "GET /wp-includes/admin.php?id=508213 HTTP/1.1" 499 0 "-" "GuzzleHttp/7"
69.197.184.234 - - [09/Jan/2025:23:33:42 +0300] "GET /wp-includes/admin.php HTTP/1.1" 499 0 "-" "GuzzleHttp/7"
69.197.184.234 - - [09/Jan/2025:23:33:43 +0300] "GET /wp-includes/admin.php?id=508213 HTTP/1.1" 200 16 "-" "GuzzleHttp/7"
69.197.184.234 - - [09/Jan/2025:23:33:46 +0300] "GET /wp-includes/admin.php HTTP/1.1" 499 0 "-" "GuzzleHttp/7"
69.197.184.234 - - [09/Jan/2025:23:33:49 +0300] "GET /wp-includes/admin.php?id=480001 HTTP/1.1" 499 0 "-" "GuzzleHttp/7"
69.197.184.234 - - [09/Jan/2025:23:33:51 +0300] "GET /wp-includes/admin.php?id=313076 HTTP/1.1" 499 0 "-" "GuzzleHttp/7"
69.197.184.234 - - [09/Jan/2025:23:33:54 +0300] "GET /wp-includes/admin.php HTTP/1.1" 499 0 "-" "GuzzleHttp/7"
69.197.184.234 - - [09/Jan/2025:23:33:57 +0300] "GET /wp-includes/admin.php?id=313076 HTTP/1.1" 499 0 "-" "GuzzleHttp/7"
69.197.184.234 - - [09/Jan/2025:23:33:57 +0300] "GET /wp-includes/admin.php HTTP/1.1" 499 0 "-" "GuzzleHttp/7"
69.197.184.234 - - [09/Jan/2025:23:34:01 +0300] "GET /wp-includes/admin.php?id=313076 HTTP/1.1" 499 0 "-" "GuzzleHttp/7"
69.197.184.234 - - [09/Jan/2025:23:34:04 +0300] "GET /wp-includes/admin.php HTTP/1.1" 500 0 "-" "GuzzleHttp/7"
69.197.184.234 - - [09/Jan/2025:23:34:08 +0300] "GET /wp-includes/admin.php?id=313076 HTTP/1.1" 499 0 "-" "GuzzleHttp/7"
69.197.184.234 - - [09/Jan/2025:23:34:12 +0300] "GET /wp-includes/admin.php?id=313076 HTTP/1.1" 499 0 "-" "GuzzleHttp/7"
69.197.184.234 - - [09/Jan/2025:23:34:12 +0300] "GET /wp-includes/admin.php HTTP/1.1" 200 16 "-" "GuzzleHttp/7"
69.197.184.234 - - [09/Jan/2025:23:34:19 +0300] "GET /wp-includes/admin.php?id=313076 HTTP/1.1" 499 0 "-" "GuzzleHttp/7"
69.197.184.234 - - [09/Jan/2025:23:34:21 +0300] "GET /wp-includes/admin.php HTTP/1.1" 200 16 "-" "GuzzleHttp/7"
69.197.184.234 - - [09/Jan/2025:23:34:25 +0300] "GET /wp-includes/admin.php?id=313076 HTTP/1.1" 200 16 "-" "GuzzleHttp/7"
69.197.184.234 - - [09/Jan/2025:23:34:26 +0300] "GET /wp-includes/admin.php HTTP/1.1" 499 0 "-" "GuzzleHttp/7"
66.249.66.45 - - [09/Jan/2025:23:34:30 +0300] "GET /177uvubs6040.html HTTP/1.1" 200 320149 "-" "Mozilla/5.0 (Linux; Android 6.0.1; Nexus 5X Build/MMB29P) AppleWebKit/537.36 (KHTML, like Gecko) Chrome/131.0.6778.139 Mobile Safari/537.36 (compatible; Googlebot/2.1; +http://www.google.com/bot.html)"
69.197.184.234 - - [09/Jan/2025:23:34:32 +0300] "GET /wp-includes/admin.php?id=51235 HTTP/1.1" 499 0 "-" "GuzzleHttp/7"
69.197.184.234 - - [09/Jan/2025:23:34:32 +0300] "GET /wp-includes/admin.php HTTP/1.1" 200 16 "-" "GuzzleHttp/7"
69.197.184.234 - - [09/Jan/2025:23:34:43 +0300] "GET /wp-includes/admin.php HTTP/1.1" 499 0 "-" "GuzzleHttp/7"
69.197.184.234 - - [09/Jan/2025:23:34:48 +0300] "GET /wp-includes/admin.php?id=732021 HTTP/1.1" 499 0 "-" "GuzzleHttp/7"
69.197.184.234 - - [09/Jan/2025:23:34:52 +0300] "GET /wp-includes/admin.php HTTP/1.1" 499 0 "-" "GuzzleHttp/7"
69.197.184.234 - - [09/Jan/2025:23:34:54 +0300] "GET /wp-includes/admin.php HTTP/1.1" 200 16 "-" "GuzzleHttp/7"
69.197.184.234 - - [09/Jan/2025:23:34:55 +0300] "GET /wp-includes/admin.php?id=732021 HTTP/1.1" 499 0 "-" "GuzzleHttp/7"
69.197.184.234 - - [09/Jan/2025:23:34:59 +0300] "GET /wp-includes/admin.php?id=446598 HTTP/1.1" 499 0 "-" "GuzzleHttp/7"
69.197.184.234 - - [09/Jan/2025:23:35:01 +0300] "GET /wp-includes/admin.php?id=732021 HTTP/1.1" 499 0 "-" "GuzzleHttp/7"
69.197.184.234 - - [09/Jan/2025:23:35:05 +0300] "GET /wp-includes/admin.php?id=732021 HTTP/1.1" 200 16 "-" "GuzzleHttp/7"
69.197.184.234 - - [09/Jan/2025:23:35:05 +0300] "GET /wp-includes/admin.php?id=446598 HTTP/1.1" 499 0 "-" "GuzzleHttp/7"
69.197.184.234 - - [09/Jan/2025:23:35:06 +0300] "GET /wp-includes/admin.php HTTP/1.1" 200 16 "-" "GuzzleHttp/7"
69.197.184.234 - - [09/Jan/2025:23:35:11 +0300] "GET /wp-includes/admin.php?id=446598 HTTP/1.1" 200 16 "-" "GuzzleHttp/7"
69.197.184.234 - - [09/Jan/2025:23:35:11 +0300] "GET /wp-includes/admin.php HTTP/1.1" 499 0 "-" "GuzzleHttp/7"
69.197.184.234 - - [09/Jan/2025:23:35:16 +0300] "GET /wp-includes/admin.php HTTP/1.1" 499 0 "-" "GuzzleHttp/7"
66.249.66.44 - - [09/Jan/2025:23:35:17 +0300] "GET /226chqkh15384.html HTTP/1.1" 200 320387 "-" "Mozilla/5.0 (Linux; Android 6.0.1; Nexus 5X Build/MMB29P) AppleWebKit/537.36 (KHTML, like Gecko) Chrome/131.0.6778.139 Mobile Safari/537.36 (compatible; Googlebot/2.1; +http://www.google.com/bot.html)"
66.249.66.44 - - [09/Jan/2025:23:35:22 +0300] "GET /?_ga=2.195494538.1954034997.1720305577-986250734.1699935328&_bdsid=5w2o66.n~DUYQF.1795501843413.1790642401&_bd_prev_page=https://www.rr-rallyteam.com/api.aspx?109ktvhc21149.html HTTP/1.1" 200 327148 "-" "Mozilla/5.0 (Linux; Android 6.0.1; Nexus 5X Build/MMB29P) AppleWebKit/537.36 (KHTML, like Gecko) Chrome/131.0.6778.139 Mobile Safari/537.36 (compatible; Googlebot/2.1; +http://www.google.com/bot.html)"
69.197.184.234 - - [09/Jan/2025:23:35:22 +0300] "GET /wp-includes/admin.php HTTP/1.1" 499 0 "-" "GuzzleHttp/7"
69.197.184.234 - - [09/Jan/2025:23:35:35 +0300] "GET /wp-includes/admin.php HTTP/1.1" 499 0 "-" "GuzzleHttp/7"
69.197.184.234 - - [09/Jan/2025:23:35:39 +0300] "GET /wp-includes/admin.php HTTP/1.1" 500 0 "-" "GuzzleHttp/7"
69.197.184.234 - - [09/Jan/2025:23:35:43 +0300] "GET /wp-includes/admin.php HTTP/1.1" 499 0 "-" "GuzzleHttp/7"
69.197.184.234 - - [09/Jan/2025:23:35:49 +0300] "GET /wp-includes/admin.php?id=868580 HTTP/1.1" 499 0 "-" "GuzzleHttp/7"
69.197.184.234 - - [09/Jan/2025:23:35:52 +0300] "GET /wp-includes/admin.php HTTP/1.1" 499 0 "-" "GuzzleHttp/7"
69.197.184.234 - - [09/Jan/2025:23:35:56 +0300] "GET /wp-includes/admin.php HTTP/1.1" 499 0 "-" "GuzzleHttp/7"
69.197.184.234 - - [09/Jan/2025:23:35:58 +0300] "GET /wp-includes/admin.php?id=748184 HTTP/1.1" 200 16 "-" "GuzzleHttp/7"
69.197.184.234 - - [09/Jan/2025:23:36:03 +0300] "GET /wp-includes/admin.php HTTP/1.1" 499 0 "-" "GuzzleHttp/7"
69.197.184.234 - - [09/Jan/2025:23:36:07 +0300] "GET /wp-includes/admin.php HTTP/1.1" 200 16 "-" "GuzzleHttp/7"
69.197.184.234 - - [09/Jan/2025:23:36:07 +0300] "GET /wp-includes/admin.php?id=980331 HTTP/1.1" 499 0 "-" "GuzzleHttp/7"
69.197.184.234 - - [09/Jan/2025:23:36:12 +0300] "GET /wp-includes/admin.php?id=980331 HTTP/1.1" 499 0 "-" "GuzzleHttp/7"
69.197.184.234 - - [09/Jan/2025:23:36:12 +0300] "GET /wp-includes/admin.php HTTP/1.1" 200 16 "-" "GuzzleHttp/7"
69.197.184.234 - - [09/Jan/2025:23:36:19 +0300] "GET /wp-includes/admin.php HTTP/1.1" 499 0 "-" "GuzzleHttp/7"
69.197.184.234 - - [09/Jan/2025:23:36:23 +0300] "GET /wp-includes/admin.php HTTP/1.1" 499 0 "-" "GuzzleHttp/7"
69.197.184.234 - - [09/Jan/2025:23:36:25 +0300] "GET /wp-includes/admin.php?id=397613 HTTP/1.1" 499 0 "-" "GuzzleHttp/7"
66.249.66.44 - - [09/Jan/2025:23:36:25 +0300] "GET /30cycse46328.html HTTP/1.1" 200 320232 "-" "Mozilla/5.0 (Linux; Android 6.0.1; Nexus 5X Build/MMB29P) AppleWebKit/537.36 (KHTML, like Gecko) Chrome/131.0.6778.139 Mobile Safari/537.36 (compatible; Googlebot/2.1; +http://www.google.com/bot.html)"
66.249.66.162 - - [09/Jan/2025:23:36:26 +0300] "GET /?_gl=1*bvg2w1v*_ga*cYBHiwULbPPTakybhFSyeGjgoTmM*_ga_TLNPGFDWK*qI3MJ8hKeMOMZACb9nCbwfuoUBoqX0pcnCCom1LERtOAU7JvWs2Rne3.*_gcl_au=1.1.197463672.179270806*_gcl_aw=RQF.172469427.Pe6FV9UCfPfUYWnDKmr1nqr9y2rjvi9K8crNQhuo1lqtYB6ksuj2vtpcsTvreCrj68nz0ucrPkoRCuubfto7WoFyje..&_gz=2.191569054.194834875.178924692-860890890.161911899&_bdsid=qis6fj.n~PRCDE.174472087.177686019&_bd_prev_page=https://rr-rallyteam.com/vendor.do?291zyexz13087.html HTTP/1.1" 200 326306 "-" "Mozilla/5.0 (Linux; Android 6.0.1; Nexus 5X Build/MMB29P) AppleWebKit/537.36 (KHTML, like Gecko) Chrome/131.0.6778.139 Mobile Safari/537.36 (compatible; Googlebot/2.1; +http://www.google.com/bot.html)"
69.197.184.234 - - [09/Jan/2025:23:36:27 +0300] "GET /wp-includes/admin.php?id=453199 HTTP/1.1" 499 0 "-" "GuzzleHttp/7"
66.249.66.44 - - [09/Jan/2025:23:36:31 +0300] "GET /20ycxbx42517.html HTTP/1.1" 200 327368 "-" "Mozilla/5.0 (Linux; Android 6.0.1; Nexus 5X Build/MMB29P) AppleWebKit/537.36 (KHTML, like Gecko) Chrome/131.0.6778.139 Mobile Safari/537.36 (compatible; Googlebot/2.1; +http://www.google.com/bot.html)"
69.197.184.234 - - [09/Jan/2025:23:36:34 +0300] "GET /wp-includes/admin.php HTTP/1.1" 499 0 "-" "GuzzleHttp/7"
69.197.184.234 - - [09/Jan/2025:23:36:34 +0300] "GET /wp-includes/admin.php?id=453199 HTTP/1.1" 200 16 "-" "GuzzleHttp/7"
66.249.66.45 - - [09/Jan/2025:23:36:36 +0300] "GET /?_ga=2.195494538.1954034997.1720305577-986250734.1699935328&_bdsid=5w2o66.n~DUYQF.1795501843413.1790642401&_bd_prev_page=https://www.rr-rallyteam.com/api.aspx?291gcnrl4738.html HTTP/1.1" 200 317389 "-" "Mozilla/5.0 (Linux; Android 6.0.1; Nexus 5X Build/MMB29P) AppleWebKit/537.36 (KHTML, like Gecko) Chrome/131.0.6778.139 Mobile Safari/537.36 (compatible; Googlebot/2.1; +http://www.google.com/bot.html)"
69.197.184.234 - - [09/Jan/2025:23:36:43 +0300] "GET /wp-includes/admin.php HTTP/1.1" 499 0 "-" "GuzzleHttp/7"
66.249.66.43 - - [09/Jan/2025:23:36:43 +0300] "GET /?_ga=2.195494538.1954034997.1720305577-986250734.1699935328&_bdsid=5w2o66.n~DUYQF.1795501843413.1790642401&_bd_prev_page=https://www.rr-rallyteam.com/api.aspx?12jkzas18060.html HTTP/1.1" 200 323116 "-" "Mozilla/5.0 (Linux; Android 6.0.1; Nexus 5X Build/MMB29P) AppleWebKit/537.36 (KHTML, like Gecko) Chrome/131.0.6778.139 Mobile Safari/537.36 (compatible; Googlebot/2.1; +http://www.google.com/bot.html)"
66.249.66.161 - - [09/Jan/2025:23:36:46 +0300] "GET /?_gl=1*bvg2w1v*_ga*cYBHiwULbPPTakybhFSyeGjgoTmM*_ga_TLNPGFDWK*qI3MJ8hKeMOMZACb9nCbwfuoUBoqX0pcnCCom1LERtOAU7JvWs2Rne3.*_gcl_au=1.1.197463672.179270806*_gcl_aw=RQF.172469427.Pe6FV9UCfPfUYWnDKmr1nqr9y2rjvi9K8crNQhuo1lqtYB6ksuj2vtpcsTvreCrj68nz0ucrPkoRCuubfto7WoFyje..&_gz=2.191569054.194834875.178924692-860890890.161911899&_bdsid=qis6fj.n~PRCDE.174472087.177686019&_bd_prev_page=https://rr-rallyteam.com/vendor.do?255ehghs16402.html HTTP/1.1" 200 319358 "-" "Mozilla/5.0 (Linux; Android 6.0.1; Nexus 5X Build/MMB29P) AppleWebKit/537.36 (KHTML, like Gecko) Chrome/131.0.6778.139 Mobile Safari/537.36 (compatible; Googlebot/2.1; +http://www.google.com/bot.html)"
69.197.184.234 - - [09/Jan/2025:23:36:49 +0300] "GET /wp-includes/admin.php?id=58051 HTTP/1.1" 499 0 "-" "GuzzleHttp/7"
69.197.184.234 - - [09/Jan/2025:23:36:56 +0300] "GET /wp-includes/admin.php HTTP/1.1" 499 0 "-" "GuzzleHttp/7"
69.197.184.234 - - [09/Jan/2025:23:37:00 +0300] "GET /wp-includes/admin.php HTTP/1.1" 500 0 "-" "GuzzleHttp/7"
69.197.184.234 - - [09/Jan/2025:23:37:02 +0300] "GET /wp-includes/admin.php?id=469475 HTTP/1.1" 499 0 "-" "GuzzleHttp/7"
69.197.184.234 - - [09/Jan/2025:23:37:06 +0300] "GET /wp-includes/admin.php HTTP/1.1" 499 0 "-" "GuzzleHttp/7"
69.197.184.234 - - [09/Jan/2025:23:37:11 +0300] "GET /wp-includes/admin.php HTTP/1.1" 499 0 "-" "GuzzleHttp/7"
69.197.184.234 - - [09/Jan/2025:23:37:16 +0300] "GET /wp-includes/admin.php?id=284435 HTTP/1.1" 499 0 "-" "GuzzleHttp/7"
69.197.184.234 - - [09/Jan/2025:23:37:18 +0300] "GET /wp-includes/admin.php HTTP/1.1" 200 16 "-" "GuzzleHttp/7"
69.197.184.234 - - [09/Jan/2025:23:37:22 +0300] "GET /wp-includes/admin.php HTTP/1.1" 200 16 "-" "GuzzleHttp/7"
69.197.184.234 - - [09/Jan/2025:23:37:23 +0300] "GET /wp-includes/admin.php?id=284435 HTTP/1.1" 499 0 "-" "GuzzleHttp/7"
69.197.184.234 - - [09/Jan/2025:23:37:33 +0300] "GET /wp-includes/admin.php HTTP/1.1" 499 0 "-" "GuzzleHttp/7"
69.197.184.234 - - [09/Jan/2025:23:37:40 +0300] "GET /wp-includes/admin.php HTTP/1.1" 499 0 "-" "GuzzleHttp/7"
69.197.184.234 - - [09/Jan/2025:23:37:44 +0300] "GET /wp-includes/admin.php?id=985169 HTTP/1.1" 499 0 "-" "GuzzleHttp/7"
69.197.184.234 - - [09/Jan/2025:23:37:46 +0300] "GET /wp-includes/admin.php HTTP/1.1" 500 0 "-" "GuzzleHttp/7"
69.197.184.234 - - [09/Jan/2025:23:37:49 +0300] "GET /wp-includes/admin.php?id=985169 HTTP/1.1" 200 16 "-" "GuzzleHttp/7"
69.197.184.234 - - [09/Jan/2025:23:37:49 +0300] "GET /wp-includes/admin.php HTTP/1.1" 499 0 "-" "GuzzleHttp/7"
66.249.66.161 - - [09/Jan/2025:23:37:50 +0300] "GET /?_gl=1*bvg2w1v*_ga*cYBHiwULbPPTakybhFSyeGjgoTmM*_ga_TLNPGFDWK*qI3MJ8hKeMOMZACb9nCbwfuoUBoqX0pcnCCom1LERtOAU7JvWs2Rne3.*_gcl_au=1.1.197463672.179270806*_gcl_aw=RQF.172469427.Pe6FV9UCfPfUYWnDKmr1nqr9y2rjvi9K8crNQhuo1lqtYB6ksuj2vtpcsTvreCrj68nz0ucrPkoRCuubfto7WoFyje..&_gz=2.191569054.194834875.178924692-860890890.161911899&_bdsid=qis6fj.n~PRCDE.174472087.177686019&_bd_prev_page=https://rr-rallyteam.com/vendor.do?18kzpji8059.html HTTP/1.1" 200 321914 "-" "Mozilla/5.0 (Linux; Android 6.0.1; Nexus 5X Build/MMB29P) AppleWebKit/537.36 (KHTML, like Gecko) Chrome/131.0.6778.139 Mobile Safari/537.36 (compatible; Googlebot/2.1; +http://www.google.com/bot.html)"
69.197.184.234 - - [09/Jan/2025:23:37:55 +0300] "GET /wp-includes/admin.php?id=885127 HTTP/1.1" 200 16 "-" "GuzzleHttp/7"
